{"id":8021,"date":"2018-10-24T10:35:25","date_gmt":"2018-10-24T08:35:25","guid":{"rendered":"https:\/\/www.go4dogs.de\/?post_type=product&#038;p=8021"},"modified":"2024-11-12T18:37:02","modified_gmt":"2024-11-12T16:37:02","slug":"dr-clauders-intestinal-emulsion-aktiv-magen-darm","status":"publish","type":"product","link":"https:\/\/www.go4dogs.de\/?product=dr-clauders-intestinal-emulsion-aktiv-magen-darm","title":{"rendered":"Dr.Clauder&#8217;s Intestinal Emulsion &#8211; Aktiv Magen-Darm"},"content":{"rendered":"<p><span style=\"font: 400 12pt\/22.4px Georgia,Palatino; text-align: justify; color: #333333; text-transform: none; text-indent: 0px; letter-spacing: normal; text-decoration: none; word-spacing: 0px; display: inline !important; white-space: normal; orphans: 2; font-size-adjust: none; font-stretch: 100%; float: none; -webkit-text-stroke-width: 0px; background-color: transparent;\">Beruhigende Wirkung f\u00fcr Magen und Darm. Besonders gut geeignet f\u00fcr Hunde mit nerv\u00f6sem Magen und Darm. Dr.Clauder\u00b4s Intestinal Aktiv Magen Darm wirkt rein nat\u00fcrlich mit der Kraft von Kamille und Hopfen. Kann Hunde, die zu allgemeinen nerv\u00f6sen Zust\u00e4nden neigen, sanft beruhigen und unterst\u00fctzt mit Fructo-Oligosacchariden und Yucca Shidigera eine gesunde Darmflora und die Minderung von Gasen. \u2022 Beruhigung des gereizten Verdauungssystems \u2022 Kann die Entstehung von Gasen mindern \u2022 FOS und Yucca Shidigera unterst\u00fctzen eine gesunde Darmflora.<\/span><\/p>\n<p><span style=\"font-family: Georgia,Palatino; font-size: 12pt;\"><b>Erg\u00e4nzungsfuttermittel f\u00fcr Hunde.<\/b> <\/span><\/p>\n<p><span style=\"font-family: Georgia,Palatino; font-size: 12pt;\"><strong>Z<\/strong><strong>usammensetzung<\/strong><span style=\"text-align: justify; color: #333333; text-transform: none; line-height: 22.4px; text-indent: 0px; letter-spacing: normal; font-style: normal; font-variant: normal; font-weight: 400; text-decoration: none; word-spacing: 0px; display: inline !important; white-space: normal; orphans: 2; font-size-adjust: none; font-stretch: 100%; float: none; -webkit-text-stroke-width: 0px; background-color: transparent;\">: H\u00fchnerprotein (getrocknet), Raps\u00f6l, Inulin (Fructooligosaccharide) 3%, Yucca-Schidigera-Pulver 2%, Hopfenbl\u00fcten 1%. <\/span><\/span><\/p>\n<p><span style=\"font-family: Georgia,Palatino; font-size: 12pt;\"><strong>Analytische Bestandteile<\/strong><span style=\"text-align: justify; color: #333333; text-transform: none; line-height: 22.4px; text-indent: 0px; letter-spacing: normal; font-style: normal; font-variant: normal; font-weight: 400; text-decoration: none; word-spacing: 0px; display: inline !important; white-space: normal; orphans: 2; font-size-adjust: none; font-stretch: 100%; float: none; -webkit-text-stroke-width: 0px; background-color: transparent;\">: Rohprotein 14,3%, Rohfett 21,8%, Rohfaser 0,2%, Rohasche 2,4%, Feuchtigkeit 53,7%. <\/span><\/span><\/p>\n<p><span style=\"font-family: Georgia,Palatino; font-size: 12pt;\"><strong>Zusatzstoffe\/kg: Ern\u00e4hrungsphysiologische Zusatzstoffe<\/strong><span style=\"text-align: justify; color: #333333; text-transform: none; line-height: 22.4px; text-indent: 0px; letter-spacing: normal; font-style: normal; font-variant: normal; font-weight: 400; text-decoration: none; word-spacing: 0px; display: inline !important; white-space: normal; orphans: 2; font-size-adjust: none; font-stretch: 100%; float: none; -webkit-text-stroke-width: 0px; background-color: transparent;\">: Vitamine: A 102.500IE, D3 2.000IE, E 61,5mg, C 2.050mg, B1 123mg, B2 123mg, B6 82mg, B12 123mcg, Nicotins\u00e4ure 246mg, Pantothens\u00e4ure 246mg, Fols\u00e4ure 20,5mg, Biotin 0,33mcg, Cholinchlorid 2.000mg, L-Carnitin 20.000mg, Spurenelemente: Mangan (als Mangan-II-Sulfat, Monohydrat) 2,11mg, Zink (als Zinksulfat, Monohydrat) 0,27mg, Eisen (als Eisen-II-Sulfat, Monohydrat) 2,47mg, Jod (als Calciumjodat, wasserfrei) 0,55mg, Selen (als Natriumselenit) 0,03mg. <\/span><\/span><\/p>\n<p><span style=\"font-family: Georgia,Palatino; font-size: 12pt;\"><strong>Technologische Zusatzstoffe<\/strong><span style=\"text-align: justify; color: #333333; text-transform: none; line-height: 22.4px; text-indent: 0px; letter-spacing: normal; font-style: normal; font-variant: normal; font-weight: 400; text-decoration: none; word-spacing: 0px; display: inline !important; white-space: normal; orphans: 2; font-size-adjust: none; font-stretch: 100%; float: none; -webkit-text-stroke-width: 0px; background-color: transparent;\">: Mit Aromastoffen, Konservierungsstoffen, Verdickungsmittel, Sensorische Zusatzstoffe: Kamillenextrakt 3%. <\/span><\/span><\/p>\n<p><span style=\"font-family: Georgia,Palatino; font-size: 12pt;\"><strong>F\u00fctterungshinweise<\/strong><span style=\"text-align: justify; color: #333333; text-transform: none; line-height: 22.4px; text-indent: 0px; letter-spacing: normal; font-style: normal; font-variant: normal; font-weight: 400; text-decoration: none; word-spacing: 0px; display: inline !important; white-space: normal; orphans: 2; font-size-adjust: none; font-stretch: 100%; float: none; -webkit-text-stroke-width: 0px; background-color: transparent;\">: Dosierung: 1,5g\/10kg K\u00f6rpergewicht pro Tag (1g = ca. 1,5cm Pastenstrang). <\/span><\/span><\/p>\n<p><span style=\"font-family: Georgia,Palatino; font-size: 12pt;\"><strong>Anwendungshinweise<\/strong><span style=\"text-align: justify; color: #333333; text-transform: none; line-height: 22.4px; text-indent: 0px; letter-spacing: normal; font-style: normal; font-variant: normal; font-weight: 400; text-decoration: none; word-spacing: 0px; display: inline !important; white-space: normal; orphans: 2; font-size-adjust: none; font-stretch: 100%; float: none; -webkit-text-stroke-width: 0px; background-color: transparent;\">: T\u00e4glich mit dem Futter oder pur geben. Stets frisches Wasser bereitstellen! Tube nach Gebrauch sorgf\u00e4ltig verschlie\u00dfen.<\/span><\/span><\/p>\n<p><span style=\"font-family: Georgia,Palatino; font-size: 12pt;\">Verpackung: 150g Tube\u00a0<\/span><\/p>\n","protected":false},"excerpt":{"rendered":"<p>Beruhigende Wirkung f\u00fcr Magen und Darm. Besonders gut geeignet f\u00fcr Hunde mit nerv\u00f6sem Magen und Darm. Dr.Clauder\u00b4s Intestinal Aktiv Magen Darm wirkt rein nat\u00fcrlich mit der Kraft von Kamille und Hopfen. Kann Hunde, die zu allgemeinen nerv\u00f6sen Zust\u00e4nden neigen, sanft beruhigen und unterst\u00fctzt mit Fructo-Oligosacchariden und Yucca Shidigera eine gesunde Darmflora und die Minderung von [&hellip;]<\/p>\n","protected":false},"featured_media":8022,"comment_status":"closed","ping_status":"closed","template":"","meta":[],"product_brand":[],"product_cat":[236],"product_tag":[],"class_list":{"0":"post-8021","1":"product","2":"type-product","3":"status-publish","4":"has-post-thumbnail","6":"product_cat-nahrungsergaenzung-und-apotheke","7":"tm-no-options","9":"first","10":"instock","11":"taxable","12":"shipping-taxable","13":"product-type-simple"},"supplier_id":null,"supplier_sku":"","barcode":null,"atum_controlled":true,"out_stock_date":null,"out_stock_threshold":null,"inheritable":false,"inbound_stock":0,"stock_on_hold":0,"sold_today":0,"sales_last_days":0,"reserved_stock":0,"customer_returns":0,"warehouse_damage":0,"lost_in_post":0,"other_logs":0,"out_stock_days":0,"lost_sales":0,"has_location":false,"update_date":"2024-11-12T16:37:11","atum_locations":[],"atum_stock_status":"instock","restock_status":false,"low_stock_amount":"","sales_update_date":"2023-03-23T11:23:34","calc_backorders":null,"jetpack_sharing_enabled":true,"_links":{"self":[{"href":"https:\/\/www.go4dogs.de\/index.php?rest_route=\/wp\/v2\/product\/8021","targetHints":{"allow":["GET"]}}],"collection":[{"href":"https:\/\/www.go4dogs.de\/index.php?rest_route=\/wp\/v2\/product"}],"about":[{"href":"https:\/\/www.go4dogs.de\/index.php?rest_route=\/wp\/v2\/types\/product"}],"replies":[{"embeddable":true,"href":"https:\/\/www.go4dogs.de\/index.php?rest_route=%2Fwp%2Fv2%2Fcomments&post=8021"}],"wp:featuredmedia":[{"embeddable":true,"href":"https:\/\/www.go4dogs.de\/index.php?rest_route=\/wp\/v2\/media\/8022"}],"wp:attachment":[{"href":"https:\/\/www.go4dogs.de\/index.php?rest_route=%2Fwp%2Fv2%2Fmedia&parent=8021"}],"wp:term":[{"taxonomy":"product_brand","embeddable":true,"href":"https:\/\/www.go4dogs.de\/index.php?rest_route=%2Fwp%2Fv2%2Fproduct_brand&post=8021"},{"taxonomy":"product_cat","embeddable":true,"href":"https:\/\/www.go4dogs.de\/index.php?rest_route=%2Fwp%2Fv2%2Fproduct_cat&post=8021"},{"taxonomy":"product_tag","embeddable":true,"href":"https:\/\/www.go4dogs.de\/index.php?rest_route=%2Fwp%2Fv2%2Fproduct_tag&post=8021"}],"curies":[{"name":"wp","href":"https:\/\/api.w.org\/{rel}","templated":true}]}}