{"id":7860,"date":"2018-10-09T14:04:36","date_gmt":"2018-10-09T12:04:36","guid":{"rendered":"https:\/\/www.go4dogs.de\/?post_type=product&#038;p=7860"},"modified":"2024-11-12T18:37:08","modified_gmt":"2024-11-12T16:37:08","slug":"selected-meat-sensible-pferd-pur","status":"publish","type":"product","link":"https:\/\/www.go4dogs.de\/?product=selected-meat-sensible-pferd-pur","title":{"rendered":"Selected Meat Sensible Pferd pur"},"content":{"rendered":"<p><span style=\"font: 400 12pt\/22.4px Georgia,Palatino; text-align: justify; color: #333333; text-transform: none; text-indent: 0px; letter-spacing: normal; text-decoration: none; word-spacing: 0px; display: inline !important; white-space: normal; orphans: 2; font-size-adjust: none; font-stretch: 100%; float: none; -webkit-text-stroke-width: 0px; background-color: transparent;\">Ausgew\u00e4hltes Premiumfleisch (Selected Meat) SENSIBLE &#8211; purer Fleischgenuss f\u00fcr Ihren Hund. Viele Hunde leiden an allergischer Empfindlichkeit auf unterschiedliche Futtermittel. Selected Meat &#8211; Sensible hilft dieses Risiko zu verringern. Reines K\u00e4ngurufleisch als einziges Eiwei\u00df hilft Ursachen f\u00fcr Futterallergien auszuschlie\u00dfen. Durch die Verwendung einer einzigen, exklusiven Eiwei\u00dfquelle ist Selected Meat SENSIBLE die ideale Grundlage f\u00fcr eine gezielte Ern\u00e4hrung futterempfindlicher Tiere. Dr.Clauder\u00b4s &#8220;Selected Meat&#8221; wird ohne k\u00fcnstliche Farb-, Aroma-, Konservierungsstoffe, ohne Sojaeiwei\u00dfzusatz und ohne Fleischmehle hergestellt. Kontrollierte Vitamin- und Mineralstoffgehalte sichern eine optimale Versorgung. In Selected Meat wird als Ausgangsmaterial nur Fleisch von Tieren, die f\u00fcr den menschlichen Genuss frei gegeben wurden, verwendet.<\/span><\/p>\n<p><span style=\"font-family: Georgia,Palatino; font-size: 12pt;\"><b>Alleinfuttermittel f\u00fcr erwachsene Hunde.<\/b> <\/span><\/p>\n<p><b>Zusammensetzung<\/b><span style=\"display: inline !important; float: none; background-color: transparent; color: #333333; font-family: 'Sanchez'; font-size: 16px; font-size-adjust: none; font-stretch: 100%; font-style: normal; font-variant: normal; font-weight: 400; letter-spacing: normal; line-height: 22.4px; orphans: 2; text-align: justify; text-decoration: none; text-indent: 0px; text-transform: none; -webkit-text-stroke-width: 0px; white-space: normal; word-spacing: 0px;\">: Fleisch und tierische Nebenerzeugnisse 99% (davon Pferd 100%: Herz, Pferdefleisch, Leber, Lunge), Mineralstoffe 1%. <\/span><\/p>\n<p><strong>Analytische Bestandteile<\/strong><span style=\"display: inline !important; float: none; background-color: transparent; color: #333333; font-family: 'Sanchez'; font-size: 16px; font-size-adjust: none; font-stretch: 100%; font-style: normal; font-variant: normal; font-weight: 400; letter-spacing: normal; line-height: 22.4px; orphans: 2; text-align: justify; text-decoration: none; text-indent: 0px; text-transform: none; -webkit-text-stroke-width: 0px; white-space: normal; word-spacing: 0px;\">: Rohprotein 12,5%, Rohfett 5,5%, Rohfaser 0,4%, Rohasche 1,5%, Feuchtigkeit 79%. <\/span><\/p>\n<p><strong>Zusatzstoffe\/kg: Ern\u00e4hrungsphysiologische Zusatzstoffe<\/strong><span style=\"display: inline !important; float: none; background-color: transparent; color: #333333; font-family: 'Sanchez'; font-size: 16px; font-size-adjust: none; font-stretch: 100%; font-style: normal; font-variant: normal; font-weight: 400; letter-spacing: normal; line-height: 22.4px; orphans: 2; text-align: justify; text-decoration: none; text-indent: 0px; text-transform: none; -webkit-text-stroke-width: 0px; white-space: normal; word-spacing: 0px;\">: Vitamine D3 (E671) 200IE, E 50mg, Jod (als Calciumjodat) 0,2mg, Mangan (als Mangan-II-Sulfat, Monohydrat) 2mg, Zink (als Zinksulfat, Monohydrat) 20mg. <\/span><\/p>\n<p><span style=\"font-family: Georgia,Palatino; font-size: 12pt;\"><strong>F\u00fctterungshinweise<\/strong><span style=\"text-align: justify; color: #333333; text-transform: none; line-height: 22.4px; text-indent: 0px; letter-spacing: normal; font-style: normal; font-variant: normal; font-weight: 400; text-decoration: none; word-spacing: 0px; display: inline !important; white-space: normal; orphans: 2; font-size-adjust: none; font-stretch: 100%; float: none; -webkit-text-stroke-width: 0px; background-color: transparent;\">: Bitte zimmerwarm f\u00fcttern. <\/span><\/span><\/p>\n<p><span style=\"font-family: Georgia,Palatino; font-size: 12pt;\"><strong>Anwendungshinweise<\/strong><span style=\"text-align: justify; color: #333333; text-transform: none; line-height: 22.4px; text-indent: 0px; letter-spacing: normal; font-style: normal; font-variant: normal; font-weight: 400; text-decoration: none; word-spacing: 0px; display: inline !important; white-space: normal; orphans: 2; font-size-adjust: none; font-stretch: 100%; float: none; -webkit-text-stroke-width: 0px; background-color: transparent;\">: Stets frisches Wasser bereitstellen!<\/span><\/span><\/p>\n<p><span style=\"font-family: Georgia,Palatino; font-size: 12pt;\"><strong>Verpackung<\/strong>: 400g Dose<\/span><\/p>\n<p><strong>Bitte beachte:<\/strong><span style=\"display: inline !important; float: none; background-color: #ffffff; color: #333333; cursor: text; font-family: Georgia,'Times New Roman','Bitstream Charter',Times,serif; font-size: 16px; font-style: normal; font-variant: normal; font-weight: 400; letter-spacing: normal; orphans: 2; text-align: left; text-decoration: none; text-indent: 0px; text-transform: none; -webkit-text-stroke-width: 0px; white-space: normal; word-spacing: 0px;\"> unser Onlineangebot kann \u00fcber das vorr\u00e4tige Futter im Vor-Ort-Gesch\u00e4ft hinausgehen. M\u00f6chtest du das Futter vor Ort abholen, empfehlen wir dir die Bestellung \u00fcber den Onlineshop mit der Auswahl der Funktion \u201eAbholung\u201c oder vorherige R\u00fccksprache mit uns.<\/span><\/p>\n","protected":false},"excerpt":{"rendered":"<p>Ausgew\u00e4hltes Premiumfleisch (Selected Meat) SENSIBLE &#8211; purer Fleischgenuss f\u00fcr Ihren Hund. Viele Hunde leiden an allergischer Empfindlichkeit auf unterschiedliche Futtermittel. Selected Meat &#8211; Sensible hilft dieses Risiko zu verringern. Reines K\u00e4ngurufleisch als einziges Eiwei\u00df hilft Ursachen f\u00fcr Futterallergien auszuschlie\u00dfen. Durch die Verwendung einer einzigen, exklusiven Eiwei\u00dfquelle ist Selected Meat SENSIBLE die ideale Grundlage f\u00fcr eine [&hellip;]<\/p>\n","protected":false},"featured_media":7859,"comment_status":"closed","ping_status":"closed","template":"","meta":[],"product_brand":[],"product_cat":[201,260],"product_tag":[],"class_list":{"0":"post-7860","1":"product","2":"type-product","3":"status-publish","4":"has-post-thumbnail","6":"product_cat-nassfutter-von-dr-clauders","7":"product_cat-dr-clauders-selected-meat","8":"tm-no-options","10":"first","11":"instock","12":"taxable","13":"shipping-taxable","14":"product-type-variable"},"supplier_id":null,"supplier_sku":"","barcode":null,"atum_controlled":true,"out_stock_date":null,"out_stock_threshold":null,"inheritable":false,"inbound_stock":0,"stock_on_hold":0,"sold_today":null,"sales_last_days":null,"reserved_stock":0,"customer_returns":0,"warehouse_damage":0,"lost_in_post":0,"other_logs":0,"out_stock_days":null,"lost_sales":null,"has_location":false,"update_date":"2024-11-12T16:37:12","atum_locations":[],"atum_stock_status":"instock","restock_status":false,"low_stock_amount":"","sales_update_date":"2023-02-27T11:37:15","calc_backorders":null,"jetpack_sharing_enabled":true,"_links":{"self":[{"href":"https:\/\/www.go4dogs.de\/index.php?rest_route=\/wp\/v2\/product\/7860","targetHints":{"allow":["GET"]}}],"collection":[{"href":"https:\/\/www.go4dogs.de\/index.php?rest_route=\/wp\/v2\/product"}],"about":[{"href":"https:\/\/www.go4dogs.de\/index.php?rest_route=\/wp\/v2\/types\/product"}],"replies":[{"embeddable":true,"href":"https:\/\/www.go4dogs.de\/index.php?rest_route=%2Fwp%2Fv2%2Fcomments&post=7860"}],"wp:featuredmedia":[{"embeddable":true,"href":"https:\/\/www.go4dogs.de\/index.php?rest_route=\/wp\/v2\/media\/7859"}],"wp:attachment":[{"href":"https:\/\/www.go4dogs.de\/index.php?rest_route=%2Fwp%2Fv2%2Fmedia&parent=7860"}],"wp:term":[{"taxonomy":"product_brand","embeddable":true,"href":"https:\/\/www.go4dogs.de\/index.php?rest_route=%2Fwp%2Fv2%2Fproduct_brand&post=7860"},{"taxonomy":"product_cat","embeddable":true,"href":"https:\/\/www.go4dogs.de\/index.php?rest_route=%2Fwp%2Fv2%2Fproduct_cat&post=7860"},{"taxonomy":"product_tag","embeddable":true,"href":"https:\/\/www.go4dogs.de\/index.php?rest_route=%2Fwp%2Fv2%2Fproduct_tag&post=7860"}],"curies":[{"name":"wp","href":"https:\/\/api.w.org\/{rel}","templated":true}]}}