{"id":7840,"date":"2018-10-09T11:06:55","date_gmt":"2018-10-09T09:06:55","guid":{"rendered":"https:\/\/www.go4dogs.de\/?post_type=product&#038;p=7840"},"modified":"2024-11-12T18:37:09","modified_gmt":"2024-11-12T16:37:09","slug":"selected-meat-pansen","status":"publish","type":"product","link":"https:\/\/www.go4dogs.de\/?product=selected-meat-pansen","title":{"rendered":"Selected Meat Pansen"},"content":{"rendered":"<p><span style=\"font: 400 12pt\/22.4px Georgia,Palatino; text-align: justify; color: #333333; text-transform: none; text-indent: 0px; letter-spacing: normal; text-decoration: none; word-spacing: 0px; display: inline !important; white-space: normal; orphans: 2; font-size-adjust: none; font-stretch: 100%; float: none; -webkit-text-stroke-width: 0px; background-color: transparent;\">Hundertprozentig wissen was drin ist? Mit unserer 100% Deklaration und Rohstoffen in Lebensmittelqualit\u00e4t garantieren wir Ihnen ein Produkt &#8211; made in Germany &#8211; dem Sie vertrauen k\u00f6nnen. Dr.Clauder\u00b4s Selected Meat \u2013 das ist ausgew\u00e4hlter Fleischgenuss, schonend dampfgegart, mit purem Geschmack &#8211; so f\u00fcttern Sie Ihren Hund artgerecht und richtig.<\/span><\/p>\n<p><span style=\"font-family: Georgia,Palatino; font-size: 12pt;\"><b>Alleinfuttermittel f\u00fcr erwachsene Hunde.<\/b> <\/span><\/p>\n<p><b>Zusammensetzung<\/b><span style=\"display: inline !important; float: none; background-color: transparent; color: #333333; font-family: 'Sanchez'; font-size: 16px; font-size-adjust: none; font-stretch: 100%; font-style: normal; font-variant: normal; font-weight: 400; letter-spacing: normal; line-height: 22.4px; orphans: 2; text-align: justify; text-decoration: none; text-indent: 0px; text-transform: none; -webkit-text-stroke-width: 0px; white-space: normal; word-spacing: 0px;\">: 32% Rinderpansen, 26% vom Rind (Muskelfleisch, Lunge, Leber, Herz, Niere), 20% vom Gefl\u00fcgel (Muskelfleisch, Leber), 20% vom Schwein (Muskelfleisch, Leber, Lunge, Schwarte), Mineralstoffe 1%, Inulin aus Zichorien 1%. <\/span><\/p>\n<p><strong>Analytische Bestandteile<\/strong><span style=\"display: inline !important; float: none; background-color: transparent; color: #333333; font-family: 'Sanchez'; font-size: 16px; font-size-adjust: none; font-stretch: 100%; font-style: normal; font-variant: normal; font-weight: 400; letter-spacing: normal; line-height: 22.4px; orphans: 2; text-align: justify; text-decoration: none; text-indent: 0px; text-transform: none; -webkit-text-stroke-width: 0px; white-space: normal; word-spacing: 0px;\">: Rohprotein 10,5%, Rohfett 6%, Rohfaser 0,4%, Rohasche 2%, Feuchtigkeit 79%. <\/span><\/p>\n<p><strong>Zusatzstoffe\/kg: Ern\u00e4hrungsphysiologische Zusatzstoffe<\/strong><span style=\"display: inline !important; float: none; background-color: transparent; color: #333333; font-family: 'Sanchez'; font-size: 16px; font-size-adjust: none; font-stretch: 100%; font-style: normal; font-variant: normal; font-weight: 400; letter-spacing: normal; line-height: 22.4px; orphans: 2; text-align: justify; text-decoration: none; text-indent: 0px; text-transform: none; -webkit-text-stroke-width: 0px; white-space: normal; word-spacing: 0px;\">: Vitamine: D3 (E671) 200IE, E (Alpha-Tocopherolacetat) 50mg, Jod (E2, als Calciumjodat, wasserfrei) 0,2mg, Mangan (E5, als Mangan (II) Sulfat) 2mg, Zink (E6, als Zinksulfat, Monohydrat) 20mg. <\/span><\/p>\n<p><span style=\"font-family: Georgia,Palatino; font-size: 12pt;\"><strong>F\u00fctterungshinweise<\/strong><span style=\"text-align: justify; color: #333333; text-transform: none; line-height: 22.4px; text-indent: 0px; letter-spacing: normal; font-style: normal; font-variant: normal; font-weight: 400; text-decoration: none; word-spacing: 0px; display: inline !important; white-space: normal; orphans: 2; font-size-adjust: none; font-stretch: 100%; float: none; -webkit-text-stroke-width: 0px; background-color: transparent;\">: siehe Tabelle. <\/span><\/span><\/p>\n<p><span style=\"font-family: Georgia,Palatino; font-size: 12pt;\"><strong>Anwendungshinweise<\/strong><span style=\"text-align: justify; color: #333333; text-transform: none; line-height: 22.4px; text-indent: 0px; letter-spacing: normal; font-style: normal; font-variant: normal; font-weight: 400; text-decoration: none; word-spacing: 0px; display: inline !important; white-space: normal; orphans: 2; font-size-adjust: none; font-stretch: 100%; float: none; -webkit-text-stroke-width: 0px; background-color: transparent;\">: Stets frisches Wasser bereitstellen!<\/span><\/span><\/p>\n<p><strong>Verpackung:<\/strong> 800g Dose, 400g Dose<\/p>\n<p><strong>Bitte beachte:<\/strong> unser Onlineangebot kann \u00fcber das vorr\u00e4tige Futter im Vor-Ort-Gesch\u00e4ft hinausgehen. M\u00f6chtest du das Futter vor Ort abholen, empfehlen wir dir die Bestellung \u00fcber den Onlineshop mit der Auswahl der Funktion \u201eAbholung\u201c oder vorherige R\u00fccksprache mit uns.<\/p>\n","protected":false},"excerpt":{"rendered":"<p>Hundertprozentig wissen was drin ist? Mit unserer 100% Deklaration und Rohstoffen in Lebensmittelqualit\u00e4t garantieren wir Ihnen ein Produkt &#8211; made in Germany &#8211; dem Sie vertrauen k\u00f6nnen. Dr.Clauder\u00b4s Selected Meat \u2013 das ist ausgew\u00e4hlter Fleischgenuss, schonend dampfgegart, mit purem Geschmack &#8211; so f\u00fcttern Sie Ihren Hund artgerecht und richtig. Alleinfuttermittel f\u00fcr erwachsene Hunde. Zusammensetzung: 32% [&hellip;]<\/p>\n","protected":false},"featured_media":7837,"comment_status":"closed","ping_status":"closed","template":"","meta":[],"product_brand":[],"product_cat":[201,260],"product_tag":[],"class_list":{"0":"post-7840","1":"product","2":"type-product","3":"status-publish","4":"has-post-thumbnail","6":"product_cat-nassfutter-von-dr-clauders","7":"product_cat-dr-clauders-selected-meat","8":"tm-no-options","10":"first","11":"instock","12":"taxable","13":"shipping-taxable","14":"product-type-variable"},"supplier_id":null,"supplier_sku":"","barcode":null,"atum_controlled":true,"out_stock_date":null,"out_stock_threshold":null,"inheritable":false,"inbound_stock":0,"stock_on_hold":0,"sold_today":0,"sales_last_days":4,"reserved_stock":0,"customer_returns":0,"warehouse_damage":0,"lost_in_post":0,"other_logs":0,"out_stock_days":null,"lost_sales":0,"has_location":false,"update_date":"2024-11-12T16:37:12","atum_locations":[],"atum_stock_status":"instock","restock_status":false,"low_stock_amount":"","sales_update_date":"2023-02-27T11:37:17","calc_backorders":null,"jetpack_sharing_enabled":true,"_links":{"self":[{"href":"https:\/\/www.go4dogs.de\/index.php?rest_route=\/wp\/v2\/product\/7840","targetHints":{"allow":["GET"]}}],"collection":[{"href":"https:\/\/www.go4dogs.de\/index.php?rest_route=\/wp\/v2\/product"}],"about":[{"href":"https:\/\/www.go4dogs.de\/index.php?rest_route=\/wp\/v2\/types\/product"}],"replies":[{"embeddable":true,"href":"https:\/\/www.go4dogs.de\/index.php?rest_route=%2Fwp%2Fv2%2Fcomments&post=7840"}],"wp:featuredmedia":[{"embeddable":true,"href":"https:\/\/www.go4dogs.de\/index.php?rest_route=\/wp\/v2\/media\/7837"}],"wp:attachment":[{"href":"https:\/\/www.go4dogs.de\/index.php?rest_route=%2Fwp%2Fv2%2Fmedia&parent=7840"}],"wp:term":[{"taxonomy":"product_brand","embeddable":true,"href":"https:\/\/www.go4dogs.de\/index.php?rest_route=%2Fwp%2Fv2%2Fproduct_brand&post=7840"},{"taxonomy":"product_cat","embeddable":true,"href":"https:\/\/www.go4dogs.de\/index.php?rest_route=%2Fwp%2Fv2%2Fproduct_cat&post=7840"},{"taxonomy":"product_tag","embeddable":true,"href":"https:\/\/www.go4dogs.de\/index.php?rest_route=%2Fwp%2Fv2%2Fproduct_tag&post=7840"}],"curies":[{"name":"wp","href":"https:\/\/api.w.org\/{rel}","templated":true}]}}