{"id":7812,"date":"2018-10-09T07:23:54","date_gmt":"2018-10-09T05:23:54","guid":{"rendered":"https:\/\/www.go4dogs.de\/?post_type=product&#038;p=7812"},"modified":"2024-11-12T18:37:04","modified_gmt":"2024-11-12T16:37:04","slug":"dr-clauders-barf-komplettmenue-wildbret","status":"publish","type":"product","link":"https:\/\/www.go4dogs.de\/?product=dr-clauders-barf-komplettmenue-wildbret","title":{"rendered":"Dr.Clauder&#8217;s BARF Komplettmen\u00fc Wildbret"},"content":{"rendered":"<p><span style=\"font: 400 16px\/22.4px Georgia,Palatino; text-align: justify; color: #333333; text-transform: none; text-indent: 0px; letter-spacing: normal; text-decoration: none; word-spacing: 0px; display: inline !important; white-space: normal; orphans: 2; font-size-adjust: none; font-stretch: 100%; float: none; -webkit-text-stroke-width: 0px; background-color: transparent;\">Mit Dr. Clauder&#8217;s Komplett Menues kann barfen gar nicht einfacher sein. Schonend eingekochte Fleischeint\u00f6pfe, mit ausgew\u00e4hlten Fr\u00fcchten und Gem\u00fcse mit nat\u00fcrlichen \u00d6len &#8211; Damit Sie Ihrem vierbeinigen Liebling die naturnaheste Nahrung servieren k\u00f6nnen. Im Gegensatz zu herk\u00f6mmlich produzierten Produkten werden die Komplett Menues nur mit naturbelassenen \u00d6len angereichert, um so den Vitamingehalt auf nat\u00fcrlichem Wege zu erreichen. Zusammen mit dem Anteil an Innereien erh\u00e4lt Ihr Vierbeiner eine artgerechte und nat\u00fcrliche Versorgung mit Vitaminen, Mineralien und Spurenelementen. Dr.Clauder&#8217;s Komplett Menue &#8220;Wildbret&#8221; besteht in einem optimalen Verh\u00e4ltnis aus Muskelfleisch und Innereien 100% vom Wild &#8211; dazu \u00c4pfel, Preiselbeeren, K\u00fcrbis und Kartoffeln. Aus den zugef\u00fcgten \u00d6len werden die wichtigen Vitamine und Fetts\u00e4uren gezogen. N\u00e4her an der Natur kann nur noch das eigene Jagen sein. Aufgrund der Single-Protein Rezeptur ist dieses Produkt auch f\u00fcr Allergiker geeignet. Dr.Clauder&#8217;s BARF Spezialit\u00e4ten stehen f\u00fcr den puren BARF Genuss f\u00fcr Ihren Hund.<\/span><\/p>\n<p><span style=\"font-family: Georgia,Palatino;\"><b>Alleinfuttermittel f\u00fcr erwachsene Hunde.<\/b> <\/span><\/p>\n<p><span style=\"font-family: Georgia,Palatino;\"><b>Zusammensetzung<\/b><span style=\"text-align: justify; color: #333333; text-transform: none; line-height: 22.4px; text-indent: 0px; letter-spacing: normal; font-size: 16px; font-style: normal; font-variant: normal; font-weight: 400; text-decoration: none; word-spacing: 0px; display: inline !important; white-space: normal; orphans: 2; font-size-adjust: none; font-stretch: 100%; float: none; -webkit-text-stroke-width: 0px; background-color: transparent;\">: 77% vom Hirsch (Herz, Fleisch, Leber), Apfel 6%, Preiselbeeren 5%, K\u00fcrbis 5%, Kartoffel 5%, Mineralstoffe 1%, Dorschlebertran 0,5%, Weizenkeim\u00f6l 0,5%. <\/span><\/span><\/p>\n<p><span style=\"font-family: Georgia,Palatino;\"><strong>Analytische Bestandteile<\/strong><span style=\"text-align: justify; color: #333333; text-transform: none; line-height: 22.4px; text-indent: 0px; letter-spacing: normal; font-size: 16px; font-style: normal; font-variant: normal; font-weight: 400; text-decoration: none; word-spacing: 0px; display: inline !important; white-space: normal; orphans: 2; font-size-adjust: none; font-stretch: 100%; float: none; -webkit-text-stroke-width: 0px; background-color: transparent;\">: Rohprotein 10,2%, Rohfett 6,6%, Rohasche 2,1%, Rohfaser 0,4%, Feuchtigkeit 77%. <\/span><\/span><\/p>\n<p><span style=\"font-family: Georgia,Palatino;\"><strong>Zusatzstoffe\/kg: Ern\u00e4hrungsphysiologische Zusatzstoffe<\/strong><span style=\"text-align: justify; color: #333333; text-transform: none; line-height: 22.4px; text-indent: 0px; letter-spacing: normal; font-size: 16px; font-style: normal; font-variant: normal; font-weight: 400; text-decoration: none; word-spacing: 0px; display: inline !important; white-space: normal; orphans: 2; font-size-adjust: none; font-stretch: 100%; float: none; -webkit-text-stroke-width: 0px; background-color: transparent;\">: : A 5.000IE, D3 3.500IE, E 11,7mg. <\/span><\/span><\/p>\n<p><span style=\"font-family: Georgia,Palatino;\"><strong>Technologische Zusatzstoffe<\/strong><span style=\"text-align: justify; color: #333333; text-transform: none; line-height: 22.4px; text-indent: 0px; letter-spacing: normal; font-size: 16px; font-style: normal; font-variant: normal; font-weight: 400; text-decoration: none; word-spacing: 0px; display: inline !important; white-space: normal; orphans: 2; font-size-adjust: none; font-stretch: 100%; float: none; -webkit-text-stroke-width: 0px; background-color: transparent;\">: Cassia Gum 2.400mg (rein pflanzlich, aus der Pflanze Cassia tora gewonnen). <\/span><\/span><\/p>\n<p><span style=\"font-family: Georgia,Palatino;\"><strong>F\u00fctterungshinweise<\/strong><span style=\"text-align: justify; color: #333333; text-transform: none; line-height: 22.4px; text-indent: 0px; letter-spacing: normal; font-size: 16px; font-style: normal; font-variant: normal; font-weight: 400; text-decoration: none; word-spacing: 0px; display: inline !important; white-space: normal; orphans: 2; font-size-adjust: none; font-stretch: 100%; float: none; -webkit-text-stroke-width: 0px; background-color: transparent;\">: Futtermenge in 24h. Richtwerte: Hunde bis 5 kg &#8211; ca. 150 &#8211; 250g p. Tag, Hunde bis 15 kg &#8211; ca. 300 &#8211; 400g p. Tag, Hunde bis 25 kg &#8211; ca. 450 &#8211; 500g p. Tag, Hunde bis 40 kg &#8211; ca. 600 &#8211; 800g p. Tag. Die Futtermenge richtet sich nach Alter, Aktivit\u00e4t und Rasse des Hundes. Bitte zimmerwarm f\u00fcttern. Ausreichend Trinkwasser zur freien Aufnahme gew\u00e4hrleisten.<\/span><\/span><\/p>\n<p><span style=\"font-family: Georgia,Palatino;\"><strong>Verpackung<\/strong>: 400g Dose\u00a0 |\u00a0 800g Dose<\/span><\/p>\n","protected":false},"excerpt":{"rendered":"<p>Mit Dr. Clauder&#8217;s Komplett Menues kann barfen gar nicht einfacher sein. Schonend eingekochte Fleischeint\u00f6pfe, mit ausgew\u00e4hlten Fr\u00fcchten und Gem\u00fcse mit nat\u00fcrlichen \u00d6len &#8211; Damit Sie Ihrem vierbeinigen Liebling die naturnaheste Nahrung servieren k\u00f6nnen. Im Gegensatz zu herk\u00f6mmlich produzierten Produkten werden die Komplett Menues nur mit naturbelassenen \u00d6len angereichert, um so den Vitamingehalt auf nat\u00fcrlichem Wege [&hellip;]<\/p>\n","protected":false},"featured_media":7811,"comment_status":"closed","ping_status":"closed","template":"","meta":[],"product_brand":[],"product_cat":[201,259],"product_tag":[],"class_list":{"0":"post-7812","1":"product","2":"type-product","3":"status-publish","4":"has-post-thumbnail","6":"product_cat-nassfutter-von-dr-clauders","7":"product_cat-dr-clauders-b-a-r-f-komplettmenues","8":"tm-no-options","10":"first","11":"instock","12":"taxable","13":"shipping-taxable","14":"product-type-variable"},"supplier_id":null,"supplier_sku":"","barcode":null,"atum_controlled":true,"out_stock_date":null,"out_stock_threshold":null,"inheritable":false,"inbound_stock":null,"stock_on_hold":0,"sold_today":0,"sales_last_days":1,"reserved_stock":null,"customer_returns":null,"warehouse_damage":null,"lost_in_post":null,"other_logs":null,"out_stock_days":null,"lost_sales":0,"has_location":null,"update_date":"2024-11-12T16:37:11","atum_locations":[],"atum_stock_status":"instock","restock_status":false,"low_stock_amount":"","sales_update_date":null,"calc_backorders":null,"jetpack_sharing_enabled":true,"_links":{"self":[{"href":"https:\/\/www.go4dogs.de\/index.php?rest_route=\/wp\/v2\/product\/7812","targetHints":{"allow":["GET"]}}],"collection":[{"href":"https:\/\/www.go4dogs.de\/index.php?rest_route=\/wp\/v2\/product"}],"about":[{"href":"https:\/\/www.go4dogs.de\/index.php?rest_route=\/wp\/v2\/types\/product"}],"replies":[{"embeddable":true,"href":"https:\/\/www.go4dogs.de\/index.php?rest_route=%2Fwp%2Fv2%2Fcomments&post=7812"}],"wp:featuredmedia":[{"embeddable":true,"href":"https:\/\/www.go4dogs.de\/index.php?rest_route=\/wp\/v2\/media\/7811"}],"wp:attachment":[{"href":"https:\/\/www.go4dogs.de\/index.php?rest_route=%2Fwp%2Fv2%2Fmedia&parent=7812"}],"wp:term":[{"taxonomy":"product_brand","embeddable":true,"href":"https:\/\/www.go4dogs.de\/index.php?rest_route=%2Fwp%2Fv2%2Fproduct_brand&post=7812"},{"taxonomy":"product_cat","embeddable":true,"href":"https:\/\/www.go4dogs.de\/index.php?rest_route=%2Fwp%2Fv2%2Fproduct_cat&post=7812"},{"taxonomy":"product_tag","embeddable":true,"href":"https:\/\/www.go4dogs.de\/index.php?rest_route=%2Fwp%2Fv2%2Fproduct_tag&post=7812"}],"curies":[{"name":"wp","href":"https:\/\/api.w.org\/{rel}","templated":true}]}}