{"id":4864,"date":"2018-03-29T21:43:05","date_gmt":"2018-03-29T19:43:05","guid":{"rendered":"https:\/\/www.go4dogs.de\/?post_type=product&#038;p=4864"},"modified":"2024-12-01T20:57:27","modified_gmt":"2024-12-01T18:57:27","slug":"kong-massagebuerste-zoom-groom","status":"publish","type":"product","link":"https:\/\/www.go4dogs.de\/?product=kong-massagebuerste-zoom-groom","title":{"rendered":"Kong Massageb\u00fcrste Zoom Groom"},"content":{"rendered":"<p>Die <strong>Hunde Massageb\u00fcrste Zoom Groom<\/strong> von <strong>Kong<\/strong> ist f\u00fcr Hunde ein pures Pflegevergn\u00fcgen. Massieren und k\u00e4mmen Sie Ihren Hund gleichzeitig!<\/p>\n<h2>Material und Eigenschaften<\/h2>\n<table class=\"techdata\" border=\"0\" cellspacing=\"0\" cellpadding=\"0\">\n<tbody>\n<tr>\n<td class=\"spec\">Material<\/td>\n<td class=\"val\">Vollgummi<\/td>\n<\/tr>\n<tr>\n<td class=\"spec\">Farbe<\/td>\n<td class=\"val\">blau \/ pink<\/td>\n<\/tr>\n<tr>\n<td class=\"spec\">Gr\u00f6\u00dfe<\/td>\n<td class=\"val\">11,5cm(H) x 6,5cm(B) x 4cm(T)<\/td>\n<\/tr>\n<\/tbody>\n<\/table>\n<h2>Kong Massageb\u00fcrste Zoom Groom<\/h2>\n<p>Mit der <strong>Kong Massageb\u00fcrste Zoom Groom<\/strong> k\u00f6nnen Sie Ihren Hund verw\u00f6hnen und zugleich lose Haare, Schuppen und Schmutz entfernen und die Haut massieren.<\/p>\n","protected":false},"excerpt":{"rendered":"<p>Die Hunde Massageb\u00fcrste Zoom Groom von Kong ist f\u00fcr Hunde ein pures Pflegevergn\u00fcgen. Massieren und k\u00e4mmen Sie Ihren Hund gleichzeitig! Material und Eigenschaften Material Vollgummi Farbe blau \/ pink Gr\u00f6\u00dfe 11,5cm(H) x 6,5cm(B) x 4cm(T) Kong Massageb\u00fcrste Zoom Groom Mit der Kong Massageb\u00fcrste Zoom Groom k\u00f6nnen Sie Ihren Hund verw\u00f6hnen und zugleich lose Haare, Schuppen [&hellip;]<\/p>\n","protected":false},"featured_media":5034,"comment_status":"closed","ping_status":"closed","template":"","meta":[],"product_brand":[],"product_cat":[235],"product_tag":[],"class_list":{"0":"post-4864","1":"product","2":"type-product","3":"status-publish","4":"has-post-thumbnail","6":"product_cat-alles-fuer-die-pflege","7":"tm-no-options","9":"first","10":"instock","11":"taxable","12":"shipping-taxable","13":"product-type-variable"},"supplier_id":null,"supplier_sku":"","barcode":null,"atum_controlled":true,"out_stock_date":null,"out_stock_threshold":null,"inheritable":false,"inbound_stock":0,"stock_on_hold":0,"sold_today":0,"sales_last_days":1,"reserved_stock":0,"customer_returns":0,"warehouse_damage":0,"lost_in_post":0,"other_logs":0,"out_stock_days":null,"lost_sales":0,"has_location":false,"update_date":"2024-12-01T18:57:29","atum_locations":[],"atum_stock_status":"instock","restock_status":false,"low_stock_amount":"","sales_update_date":"2023-01-14T16:32:29","calc_backorders":null,"jetpack_sharing_enabled":true,"_links":{"self":[{"href":"https:\/\/www.go4dogs.de\/index.php?rest_route=\/wp\/v2\/product\/4864","targetHints":{"allow":["GET"]}}],"collection":[{"href":"https:\/\/www.go4dogs.de\/index.php?rest_route=\/wp\/v2\/product"}],"about":[{"href":"https:\/\/www.go4dogs.de\/index.php?rest_route=\/wp\/v2\/types\/product"}],"replies":[{"embeddable":true,"href":"https:\/\/www.go4dogs.de\/index.php?rest_route=%2Fwp%2Fv2%2Fcomments&post=4864"}],"wp:featuredmedia":[{"embeddable":true,"href":"https:\/\/www.go4dogs.de\/index.php?rest_route=\/wp\/v2\/media\/5034"}],"wp:attachment":[{"href":"https:\/\/www.go4dogs.de\/index.php?rest_route=%2Fwp%2Fv2%2Fmedia&parent=4864"}],"wp:term":[{"taxonomy":"product_brand","embeddable":true,"href":"https:\/\/www.go4dogs.de\/index.php?rest_route=%2Fwp%2Fv2%2Fproduct_brand&post=4864"},{"taxonomy":"product_cat","embeddable":true,"href":"https:\/\/www.go4dogs.de\/index.php?rest_route=%2Fwp%2Fv2%2Fproduct_cat&post=4864"},{"taxonomy":"product_tag","embeddable":true,"href":"https:\/\/www.go4dogs.de\/index.php?rest_route=%2Fwp%2Fv2%2Fproduct_tag&post=4864"}],"curies":[{"name":"wp","href":"https:\/\/api.w.org\/{rel}","templated":true}]}}