{"id":2729,"date":"2017-04-28T16:16:54","date_gmt":"2017-04-28T14:16:54","guid":{"rendered":"https:\/\/www.go4dogs.de\/?post_type=product&#038;p=2729"},"modified":"2025-11-03T10:06:57","modified_gmt":"2025-11-03T08:06:57","slug":"shabby-holzschild-herz-all-you-need-is-love-and","status":"publish","type":"product","link":"https:\/\/www.go4dogs.de\/?product=shabby-holzschild-herz-all-you-need-is-love-and","title":{"rendered":"Shabby Holzschild Herz &#8220;All you need is love and&#8230;&#8221;"},"content":{"rendered":"<div style=\"text-align: left\" align=\"center\"><\/div>\n<p style=\"text-align: left\" align=\"center\">Schilder aus Holz transportieren eine ganz besondere Botschaft.<br \/>\nSie hei\u00dfen oftmals Menschen an der T\u00fcr willkommen und verraten durch ihren Aufdruck bereits etwas \u00fcber die Charaktere, die sich dahinter befinden. Holzschilder schm\u00fccken daneben auch Tische oder zeigen einem Menschen auf eine besondere Weise, dass er geliebt wird. In jedem Fall l\u00f6st jedes einzelne unserer Schilder Emotionen aus, bringt Menschen zum Lachen, zum Staunen oder weckt den Liebkosereiz f\u00fcr tierische Mitbewohner. Mit der minimalistischen Drahtaufh\u00e4ngung und der per Hand gestrichenen Oberfl\u00e4che wird jedes Schild zum Unikat. Finden Sie in unserem Shop das Holzschild, das Ihnen aus der Seele spricht.<\/p>\n<p style=\"text-align: left\" align=\"center\">Gr\u00f6\u00dfe: 200x200mm<\/p>\n","protected":false},"excerpt":{"rendered":"<p>Schilder aus Holz transportieren eine ganz besondere Botschaft. Sie hei\u00dfen oftmals Menschen an der T\u00fcr willkommen und verraten durch ihren Aufdruck bereits etwas \u00fcber die Charaktere, die sich dahinter befinden. Holzschilder schm\u00fccken daneben auch Tische oder zeigen einem Menschen auf eine besondere Weise, dass er geliebt wird. In jedem Fall l\u00f6st jedes einzelne unserer Schilder [&hellip;]<\/p>\n","protected":false},"featured_media":2727,"comment_status":"closed","ping_status":"closed","template":"","meta":[],"product_brand":[],"product_cat":[224],"product_tag":[],"class_list":{"0":"post-2729","1":"product","2":"type-product","3":"status-publish","4":"has-post-thumbnail","6":"product_cat-schilder","7":"tm-no-options","9":"first","10":"instock","11":"taxable","12":"shipping-taxable","13":"product-type-simple"},"supplier_id":null,"supplier_sku":"","barcode":null,"atum_controlled":true,"out_stock_date":null,"out_stock_threshold":null,"inheritable":false,"inbound_stock":0,"stock_on_hold":1,"sold_today":1,"sales_last_days":1,"reserved_stock":0,"customer_returns":0,"warehouse_damage":0,"lost_in_post":0,"other_logs":0,"out_stock_days":0,"lost_sales":0,"has_location":false,"update_date":"2025-11-03T08:07:24","atum_locations":[],"atum_stock_status":"instock","restock_status":true,"low_stock_amount":"","sales_update_date":"2025-11-03T08:07:24","calc_backorders":null,"jetpack_sharing_enabled":true,"_links":{"self":[{"href":"https:\/\/www.go4dogs.de\/index.php?rest_route=\/wp\/v2\/product\/2729","targetHints":{"allow":["GET"]}}],"collection":[{"href":"https:\/\/www.go4dogs.de\/index.php?rest_route=\/wp\/v2\/product"}],"about":[{"href":"https:\/\/www.go4dogs.de\/index.php?rest_route=\/wp\/v2\/types\/product"}],"replies":[{"embeddable":true,"href":"https:\/\/www.go4dogs.de\/index.php?rest_route=%2Fwp%2Fv2%2Fcomments&post=2729"}],"wp:featuredmedia":[{"embeddable":true,"href":"https:\/\/www.go4dogs.de\/index.php?rest_route=\/wp\/v2\/media\/2727"}],"wp:attachment":[{"href":"https:\/\/www.go4dogs.de\/index.php?rest_route=%2Fwp%2Fv2%2Fmedia&parent=2729"}],"wp:term":[{"taxonomy":"product_brand","embeddable":true,"href":"https:\/\/www.go4dogs.de\/index.php?rest_route=%2Fwp%2Fv2%2Fproduct_brand&post=2729"},{"taxonomy":"product_cat","embeddable":true,"href":"https:\/\/www.go4dogs.de\/index.php?rest_route=%2Fwp%2Fv2%2Fproduct_cat&post=2729"},{"taxonomy":"product_tag","embeddable":true,"href":"https:\/\/www.go4dogs.de\/index.php?rest_route=%2Fwp%2Fv2%2Fproduct_tag&post=2729"}],"curies":[{"name":"wp","href":"https:\/\/api.w.org\/{rel}","templated":true}]}}