{"id":23373,"date":"2025-08-22T20:05:06","date_gmt":"2025-08-22T18:05:06","guid":{"rendered":"https:\/\/www.go4dogs.de\/?post_type=product&#038;p=23373"},"modified":"2025-08-22T20:08:43","modified_gmt":"2025-08-22T18:08:43","slug":"wolfsblut-vetline-care-snack-gastrointestinal-100gr","status":"publish","type":"product","link":"https:\/\/www.go4dogs.de\/?product=wolfsblut-vetline-care-snack-gastrointestinal-100gr","title":{"rendered":"Wolfsblut VetLine Care Snack Gastrointestinal 100gr"},"content":{"rendered":"<p><b>WOLFSBLUT VetLine Care Snack \u2013 GASTROINTESTINAL: Unterst\u00fctzt eine optimale Verdauung<br \/>\n<\/b><i>Erg\u00e4nzungsfuttermittel<\/i><\/p>\n<p>Eine gesunde Verdauung ist die Grundlage f\u00fcr das Wohlbefinden deines Hundes. Der\u00a0<b>WOLFSBLUT VetLine GASTROINTESTINAL Snack<\/b>\u00a0wurde speziell als Teil unserer\u00a0<b>VetLine Care Linie\u00a0<\/b>entwickelt, um Hunde bei der Unterst\u00fctzung ihrer Verdauung zu f\u00f6rdern und Magen sowie Darm zu entlasten. Als Teil dieser Serie ist der Snack die perfekte Erg\u00e4nzung zu unserem VetLine Trocken- und Nassfutter und eignet sich f\u00fcr alle Hunde, die eine sanfte und leicht verdauliche Ern\u00e4hrung ben\u00f6tigen.<\/p>\n<p>Mit einer hochwertigen Rezeptur aus Ente als Fleischquelle und zugesetzten Elektrolyten hilft dieser Snack dabei, das Gleichgewicht im Verdauungstrakt zu unterst\u00fctzen. Leicht verdaulich und besonders schonend, tr\u00e4gt der Snack dazu bei, den Magen und Darm deines Hundes zu entlasten. Der Snack ist nicht nur funktional, sondern auch soft und schmackhaft, was ihn zu einer beliebten Belohnung f\u00fcr deinen Hund macht. Nat\u00fcrlich ohne Zuckerzusatz sowie ohne k\u00fcnstliche Aroma-, Farb- und Konservierungsstoffe.<\/p>\n<p><b>Das macht VetLine Care GASTROINTESTINAL so besonders:<\/b><\/p>\n<ul>\n<li><b>Leicht verdaulich<\/b>\u00a0\u2013 ideal f\u00fcr Hunde mit empfindlichem Magen oder Verdauungsproblemen<\/li>\n<li><b>Elektrolyte<\/b>\u00a0\u2013 unterst\u00fctzen die Regulierung des Fl\u00fcssigkeitshaushalts und f\u00f6rdern eine ausgewogene Verdauung<\/li>\n<li><b>Ente als Fleischquelle\u00a0<\/b>\u2013 besonders gut vertr\u00e4glich und leicht verdaulich<\/li>\n<li><b>Funktionaler Snack<\/b>\u00a0\u2013 einfach zu f\u00fcttern und optimal f\u00fcr den t\u00e4glichen Bedarf<\/li>\n<li><b>Ohne k\u00fcnstliche Zus\u00e4tze<\/b>\u00a0\u2013 frei von Zucker, Farb-, Aroma- und k\u00fcnstlichen Konservierungsstoffen<\/li>\n<li><b>Perfekte Erg\u00e4nzung<\/b>\u00a0<b>zu unserem VetLine Trocken- und Nassfutter<\/b>\u00a0f\u00fcr eine ausgewogene und verdauungsfreundliche Ern\u00e4hrung<\/li>\n<li><b>Softsnack<\/b>\u00a0\u2013 durch die weiche Konsistenz besonders bek\u00f6mmlich und leicht zu kauen \u2013 ideal f\u00fcr Hunde jeder Gr\u00f6\u00dfe und Altersgruppe<\/li>\n<li><b>Vet Approved<\/b>\u00a0\u2013 Rezeptur von Tier\u00e4rzten gepr\u00fcft<\/li>\n<\/ul>\n<p>WOLFSBLUT VetLine Care \u2013 Eine Sorge weniger!<\/p>\n<p><span class=\"row col col-12 mb-3 pb-3 text-left text-dark font-weight-semi-bold d-block\">Erg\u00e4nzungsfuttermittel f\u00fcr Hunde<\/span><\/p>\n<div class=\"row mb-3 pb-3\">\n<div class=\"col col-12 col-md-3\">\n<div class=\"row mb-3 pb-3\">\n<div class=\"col col-12 col-md-3\">Zusammensetzung<\/div>\n<div class=\"col col-12 col-md-9\">\n<p>Ente 34 % (frische Ente 26 %, getrocknete Ente 8 %), S\u00fc\u00dfkartoffeln 26 %, pflanzliches Glycerin, Erbsenprotein, Luzerne, K\u00fcrbis 2 %, getrocknetes Vollei 1,7 %, Fisch\u00f6l, Entenbr\u00fche 1,5 %, Mineralsstoffe (Elektrolyte: Natriumbicarbonat, Kaliumchlorid, Natriumchlorid), Topinambur, Mannan-Oligosaccharide (prebiotisch) 0,2 %, Fructo-Oligosaccharide (prebiotisch) 0,2 %, Aroniabeeren, Kurkuma 0,1 %. Kohlenhydratquellen: S\u00fc\u00dfkartoffeln, K\u00fcrbis.<\/p>\n<\/div>\n<\/div>\n<div class=\"row mb-3 pb-3\">\n<div class=\"col col-12 col-md-3\">Analytische Bestandteile<\/div>\n<div class=\"col col-12 col-md-9\">\n<p>Rohprotein 19 %, Rohfett 10 %, Rohasche 8,5 %, Rohfaser 2,5 %, Feuchte 18 %. Energiegehalt 314 kcal\/100 g.<\/p>\n<\/div>\n<\/div>\n<div class=\"row mb-3 pb-3\">\n<div class=\"col col-12 col-md-3\">Zusatzstoffe je kg<\/div>\n<div class=\"col col-12 col-md-9\">\n<p>Vitamin A (als Retinylacetat) 21.871 IE, Vitamin D3 (als Cholecalciferol) 1.471 IE, Vitamin E (als all-rac-alpha-Tocopherylacetat) 710 mg, Jod (als Calciumjodat, wasserfrei) 0,96 mg, Eisen (als Eisen(II)-sulfat, Monohydrat und Eisen(II)-Aminos\u00e4urenchelat, Hydrat) 95 mg, Zink (als Zinksulfat, Monohydrat und Aminos\u00e4uren-Zinkchelat, Hydrat) 150 mg, Mangan (als Mangansulfat, Monohydrat) 36 mg, Kupfer (als Kupfer(II)-sulfat, Pentahydrat und Aminos\u00e4uren-Kupfer(II)-chelat, Hydrat) 15 mg, Selen (als Natriumselenit) 0,15 mg, DL-Methionin 2.000 mg.<\/p>\n<\/div>\n<\/div>\n<\/div>\n<\/div>\n<div class=\"row mb-3 pb-3\">\n<p>Als Belohnung oder kleine Zwischenmahlzeit. Nicht \u00fcberf\u00fcttern. Frisches Wasser sollte stets zur Verf\u00fcgung stehen. K\u00fchl und trocken lagern.<\/p>\n<\/div>\n<div class=\"row mb-3 pb-3\">\n<div><\/div>\n<\/div>\n","protected":false},"excerpt":{"rendered":"<p>WOLFSBLUT VetLine Care Snack \u2013 GASTROINTESTINAL: Unterst\u00fctzt eine optimale Verdauung Erg\u00e4nzungsfuttermittel Eine gesunde Verdauung ist die Grundlage f\u00fcr das Wohlbefinden deines Hundes. Der\u00a0WOLFSBLUT VetLine GASTROINTESTINAL Snack\u00a0wurde speziell als Teil unserer\u00a0VetLine Care Linie\u00a0entwickelt, um Hunde bei der Unterst\u00fctzung ihrer Verdauung zu f\u00f6rdern und Magen sowie Darm zu entlasten. Als Teil dieser Serie ist der Snack die [&hellip;]<\/p>\n","protected":false},"featured_media":23374,"comment_status":"closed","ping_status":"closed","template":"","meta":[],"product_brand":[],"product_cat":[233],"product_tag":[],"class_list":{"0":"post-23373","1":"product","2":"type-product","3":"status-publish","4":"has-post-thumbnail","6":"product_cat-leckerlies-von-wolfsblut","7":"tm-no-options","9":"first","10":"instock","11":"taxable","12":"shipping-taxable","13":"product-type-simple"},"supplier_id":null,"supplier_sku":"","barcode":null,"atum_controlled":true,"out_stock_date":null,"out_stock_threshold":null,"inheritable":false,"inbound_stock":null,"stock_on_hold":null,"sold_today":null,"sales_last_days":null,"reserved_stock":null,"customer_returns":null,"warehouse_damage":null,"lost_in_post":null,"other_logs":null,"out_stock_days":null,"lost_sales":null,"has_location":false,"update_date":"2025-08-22T18:08:45","atum_locations":[],"atum_stock_status":"instock","restock_status":false,"low_stock_amount":"","sales_update_date":"2025-08-22T10:56:25","calc_backorders":null,"jetpack_sharing_enabled":true,"_links":{"self":[{"href":"https:\/\/www.go4dogs.de\/index.php?rest_route=\/wp\/v2\/product\/23373","targetHints":{"allow":["GET"]}}],"collection":[{"href":"https:\/\/www.go4dogs.de\/index.php?rest_route=\/wp\/v2\/product"}],"about":[{"href":"https:\/\/www.go4dogs.de\/index.php?rest_route=\/wp\/v2\/types\/product"}],"replies":[{"embeddable":true,"href":"https:\/\/www.go4dogs.de\/index.php?rest_route=%2Fwp%2Fv2%2Fcomments&post=23373"}],"wp:featuredmedia":[{"embeddable":true,"href":"https:\/\/www.go4dogs.de\/index.php?rest_route=\/wp\/v2\/media\/23374"}],"wp:attachment":[{"href":"https:\/\/www.go4dogs.de\/index.php?rest_route=%2Fwp%2Fv2%2Fmedia&parent=23373"}],"wp:term":[{"taxonomy":"product_brand","embeddable":true,"href":"https:\/\/www.go4dogs.de\/index.php?rest_route=%2Fwp%2Fv2%2Fproduct_brand&post=23373"},{"taxonomy":"product_cat","embeddable":true,"href":"https:\/\/www.go4dogs.de\/index.php?rest_route=%2Fwp%2Fv2%2Fproduct_cat&post=23373"},{"taxonomy":"product_tag","embeddable":true,"href":"https:\/\/www.go4dogs.de\/index.php?rest_route=%2Fwp%2Fv2%2Fproduct_tag&post=23373"}],"curies":[{"name":"wp","href":"https:\/\/api.w.org\/{rel}","templated":true}]}}