{"id":23207,"date":"2025-03-13T15:15:36","date_gmt":"2025-03-13T13:15:36","guid":{"rendered":"https:\/\/www.go4dogs.de\/?post_type=product&#038;p=23207"},"modified":"2025-03-13T15:15:36","modified_gmt":"2025-03-13T13:15:36","slug":"quapas-dog-toy-rope-round-natural-l-27cm","status":"publish","type":"product","link":"https:\/\/www.go4dogs.de\/?product=quapas-dog-toy-rope-round-natural-l-27cm","title":{"rendered":"Quapas! Dog Toy Rope Round Natural L 27cm"},"content":{"rendered":"<div class=\"row\">\n<div class=\"col-12\">\n<p><strong>Quapas! Seil &#8211; Hundespielzeug<\/strong><\/p>\n<p>Mit einem Quapas! \u201eZahnseide-Seil&#8221; haben Sie endlich ein gutes, robustes Spielzeug f\u00fcr Ihren besten Freund! Diese Spielzeug besteht aus 100% nat\u00fcrlicher Baumwolle, die die Z\u00e4hne Ihres Hundes beim Spielen automatisch reinigt. Perfekt geeignet zum Apportieren oder Tauziehen.<\/p>\n<ul>\n<li>100% nat\u00fcrliches, veganes &amp; nachhaltiges Produkt<\/li>\n<li>unterst\u00fctzt die Zahnreinigung und Zahnfleischpflege<\/li>\n<li>Kauvergn\u00fcgen ohne Kalorien oder Allergene<\/li>\n<\/ul>\n<p>&nbsp;<\/p>\n<\/div>\n<\/div>\n<div class=\"row\">\n<div class=\"col\">\n<p><strong>Zusammensetzung<\/strong><br \/>\n100% Baumwolle<\/p>\n<\/div>\n<\/div>\n<div class=\"row\">\n<div class=\"col\">\n<p><strong>F\u00fctterungsempfehlung<\/strong><br \/>\nBeaufsichtigen Sie Ihren Hund beim Spiel. Nicht geeignet f\u00fcr den Verzehr!<br \/>\nKaputtes Spielzeug nicht mehr verwenden.<\/p>\n<\/div>\n<\/div>\n","protected":false},"excerpt":{"rendered":"<p>Quapas! Seil &#8211; Hundespielzeug Mit einem Quapas! \u201eZahnseide-Seil&#8221; haben Sie endlich ein gutes, robustes Spielzeug f\u00fcr Ihren besten Freund! Diese Spielzeug besteht aus 100% nat\u00fcrlicher Baumwolle, die die Z\u00e4hne Ihres Hundes beim Spielen automatisch reinigt. Perfekt geeignet zum Apportieren oder Tauziehen. 100% nat\u00fcrliches, veganes &amp; nachhaltiges Produkt unterst\u00fctzt die Zahnreinigung und Zahnfleischpflege Kauvergn\u00fcgen ohne Kalorien [&hellip;]<\/p>\n","protected":false},"featured_media":23208,"comment_status":"closed","ping_status":"closed","template":"","meta":[],"product_brand":[],"product_cat":[218,219],"product_tag":[],"class_list":{"0":"post-23207","1":"product","2":"type-product","3":"status-publish","4":"has-post-thumbnail","6":"product_cat-zum-werfen-zerren-jagen","7":"product_cat-zum-beschaeftigen","8":"tm-no-options","10":"first","11":"instock","12":"taxable","13":"shipping-taxable","14":"product-type-simple"},"supplier_id":null,"supplier_sku":"","barcode":null,"atum_controlled":true,"out_stock_date":null,"out_stock_threshold":null,"inheritable":false,"inbound_stock":0,"stock_on_hold":0,"sold_today":0,"sales_last_days":0,"reserved_stock":0,"customer_returns":0,"warehouse_damage":0,"lost_in_post":0,"other_logs":0,"out_stock_days":0,"lost_sales":0,"has_location":false,"update_date":"2025-03-27T14:07:52","atum_locations":[],"atum_stock_status":"instock","restock_status":false,"low_stock_amount":"","sales_update_date":"2025-03-27T14:07:52","calc_backorders":null,"jetpack_sharing_enabled":true,"_links":{"self":[{"href":"https:\/\/www.go4dogs.de\/index.php?rest_route=\/wp\/v2\/product\/23207","targetHints":{"allow":["GET"]}}],"collection":[{"href":"https:\/\/www.go4dogs.de\/index.php?rest_route=\/wp\/v2\/product"}],"about":[{"href":"https:\/\/www.go4dogs.de\/index.php?rest_route=\/wp\/v2\/types\/product"}],"replies":[{"embeddable":true,"href":"https:\/\/www.go4dogs.de\/index.php?rest_route=%2Fwp%2Fv2%2Fcomments&post=23207"}],"wp:featuredmedia":[{"embeddable":true,"href":"https:\/\/www.go4dogs.de\/index.php?rest_route=\/wp\/v2\/media\/23208"}],"wp:attachment":[{"href":"https:\/\/www.go4dogs.de\/index.php?rest_route=%2Fwp%2Fv2%2Fmedia&parent=23207"}],"wp:term":[{"taxonomy":"product_brand","embeddable":true,"href":"https:\/\/www.go4dogs.de\/index.php?rest_route=%2Fwp%2Fv2%2Fproduct_brand&post=23207"},{"taxonomy":"product_cat","embeddable":true,"href":"https:\/\/www.go4dogs.de\/index.php?rest_route=%2Fwp%2Fv2%2Fproduct_cat&post=23207"},{"taxonomy":"product_tag","embeddable":true,"href":"https:\/\/www.go4dogs.de\/index.php?rest_route=%2Fwp%2Fv2%2Fproduct_tag&post=23207"}],"curies":[{"name":"wp","href":"https:\/\/api.w.org\/{rel}","templated":true}]}}