{"id":22689,"date":"2024-07-11T17:58:17","date_gmt":"2024-07-11T15:58:17","guid":{"rendered":"https:\/\/www.go4dogs.de\/?post_type=product&#038;p=22689"},"modified":"2024-12-01T20:57:25","modified_gmt":"2024-12-01T18:57:25","slug":"kong-brush","status":"publish","type":"product","link":"https:\/\/www.go4dogs.de\/?product=kong-brush","title":{"rendered":"KONG Brush"},"content":{"rendered":"<div><strong>KONG Brush<\/strong><\/div>\n<ul>\n<li>Einfache Reinigung\u00a0von KONG Classic geformten Spielzeugen der Gr\u00f6\u00dfen S-XXL<\/li>\n<li>\n<div>Antimikrobiell und schimmelbest\u00e4ndig<\/div>\n<\/li>\n<li>Flexibel, weiche Borsten f\u00fcr eine gr\u00fcndliche Reinigung<\/li>\n<li>L\u00e4sst sich schnell aussp\u00fclen,\u00a0absch\u00fctteln und trocknen<\/li>\n<\/ul>\n<p><u>Gr\u00f6\u00dfe:<\/u><\/p>\n<ul>\n<li>M\/L: 17,78 x 3,18 x 3,18 cm<\/li>\n<\/ul>\n","protected":false},"excerpt":{"rendered":"<p>KONG Brush Einfache Reinigung\u00a0von KONG Classic geformten Spielzeugen der Gr\u00f6\u00dfen S-XXL Antimikrobiell und schimmelbest\u00e4ndig Flexibel, weiche Borsten f\u00fcr eine gr\u00fcndliche Reinigung L\u00e4sst sich schnell aussp\u00fclen,\u00a0absch\u00fctteln und trocknen Gr\u00f6\u00dfe: M\/L: 17,78 x 3,18 x 3,18 cm<\/p>\n","protected":false},"featured_media":22693,"comment_status":"closed","ping_status":"closed","template":"","meta":[],"product_brand":[],"product_cat":[219],"product_tag":[],"class_list":{"0":"post-22689","1":"product","2":"type-product","3":"status-publish","4":"has-post-thumbnail","6":"product_cat-zum-beschaeftigen","7":"tm-no-options","9":"first","10":"instock","11":"taxable","12":"shipping-taxable","13":"product-type-simple"},"supplier_id":null,"supplier_sku":"","barcode":null,"atum_controlled":true,"out_stock_date":null,"out_stock_threshold":null,"inheritable":false,"inbound_stock":0,"stock_on_hold":0,"sold_today":0,"sales_last_days":0,"reserved_stock":0,"customer_returns":0,"warehouse_damage":0,"lost_in_post":0,"other_logs":0,"out_stock_days":0,"lost_sales":0,"has_location":false,"update_date":"2024-12-01T18:57:29","atum_locations":[],"atum_stock_status":"instock","restock_status":false,"low_stock_amount":"","sales_update_date":"2024-11-12T16:29:17","calc_backorders":null,"jetpack_sharing_enabled":true,"_links":{"self":[{"href":"https:\/\/www.go4dogs.de\/index.php?rest_route=\/wp\/v2\/product\/22689","targetHints":{"allow":["GET"]}}],"collection":[{"href":"https:\/\/www.go4dogs.de\/index.php?rest_route=\/wp\/v2\/product"}],"about":[{"href":"https:\/\/www.go4dogs.de\/index.php?rest_route=\/wp\/v2\/types\/product"}],"replies":[{"embeddable":true,"href":"https:\/\/www.go4dogs.de\/index.php?rest_route=%2Fwp%2Fv2%2Fcomments&post=22689"}],"wp:featuredmedia":[{"embeddable":true,"href":"https:\/\/www.go4dogs.de\/index.php?rest_route=\/wp\/v2\/media\/22693"}],"wp:attachment":[{"href":"https:\/\/www.go4dogs.de\/index.php?rest_route=%2Fwp%2Fv2%2Fmedia&parent=22689"}],"wp:term":[{"taxonomy":"product_brand","embeddable":true,"href":"https:\/\/www.go4dogs.de\/index.php?rest_route=%2Fwp%2Fv2%2Fproduct_brand&post=22689"},{"taxonomy":"product_cat","embeddable":true,"href":"https:\/\/www.go4dogs.de\/index.php?rest_route=%2Fwp%2Fv2%2Fproduct_cat&post=22689"},{"taxonomy":"product_tag","embeddable":true,"href":"https:\/\/www.go4dogs.de\/index.php?rest_route=%2Fwp%2Fv2%2Fproduct_tag&post=22689"}],"curies":[{"name":"wp","href":"https:\/\/api.w.org\/{rel}","templated":true}]}}