{"id":22680,"date":"2024-07-11T16:48:57","date_gmt":"2024-07-11T14:48:57","guid":{"rendered":"https:\/\/www.go4dogs.de\/?post_type=product&#038;p=22680"},"modified":"2024-12-01T20:57:25","modified_gmt":"2024-12-01T18:57:25","slug":"kong-h2o-750-ml-edelstahlflasche-mit-napf-rot","status":"publish","type":"product","link":"https:\/\/www.go4dogs.de\/?product=kong-h2o-750-ml-edelstahlflasche-mit-napf-rot","title":{"rendered":"KONG H2O 750 ml Edelstahlflasche mit Napf Rot"},"content":{"rendered":"<div><strong>KONG H2O 750 ml Edelstahlflasche mit Napf Rot<\/strong><\/div>\n<div><\/div>\n<div>\n<div>\n<div>Patentierte Deckeldesigns dient gleichzeitig als Wassernapf<\/div>\n<ul>\n<li>Inkl. farblich passendem Karabiner<\/li>\n<li>Gro\u00dfe Flaschen\u00f6ffnung erm\u00f6glicht auch das zugeben von Eisw\u00fcrfeln<\/li>\n<li>Edelstahl in Lebensmittelqualit\u00e4t und BPA-frei<\/li>\n<\/ul>\n<\/div>\n<\/div>\n","protected":false},"excerpt":{"rendered":"<p>KONG H2O 750 ml Edelstahlflasche mit Napf Rot Patentierte Deckeldesigns dient gleichzeitig als Wassernapf Inkl. farblich passendem Karabiner Gro\u00dfe Flaschen\u00f6ffnung erm\u00f6glicht auch das zugeben von Eisw\u00fcrfeln Edelstahl in Lebensmittelqualit\u00e4t und BPA-frei<\/p>\n","protected":false},"featured_media":22678,"comment_status":"closed","ping_status":"closed","template":"","meta":[],"product_brand":[],"product_cat":[254,266],"product_tag":[],"class_list":{"0":"post-22680","1":"product","2":"type-product","3":"status-publish","4":"has-post-thumbnail","6":"product_cat-naepfe-2","7":"product_cat-alles-fuer-den-sommer-und-die-warmen-tage","8":"tm-no-options","10":"first","11":"instock","12":"taxable","13":"shipping-taxable","14":"product-type-simple"},"supplier_id":null,"supplier_sku":"","barcode":null,"atum_controlled":true,"out_stock_date":null,"out_stock_threshold":null,"inheritable":false,"inbound_stock":0,"stock_on_hold":0,"sold_today":0,"sales_last_days":0,"reserved_stock":0,"customer_returns":0,"warehouse_damage":0,"lost_in_post":0,"other_logs":0,"out_stock_days":0,"lost_sales":0,"has_location":false,"update_date":"2024-12-01T18:57:29","atum_locations":[],"atum_stock_status":"instock","restock_status":false,"low_stock_amount":"","sales_update_date":"2024-10-26T06:56:12","calc_backorders":null,"jetpack_sharing_enabled":true,"_links":{"self":[{"href":"https:\/\/www.go4dogs.de\/index.php?rest_route=\/wp\/v2\/product\/22680","targetHints":{"allow":["GET"]}}],"collection":[{"href":"https:\/\/www.go4dogs.de\/index.php?rest_route=\/wp\/v2\/product"}],"about":[{"href":"https:\/\/www.go4dogs.de\/index.php?rest_route=\/wp\/v2\/types\/product"}],"replies":[{"embeddable":true,"href":"https:\/\/www.go4dogs.de\/index.php?rest_route=%2Fwp%2Fv2%2Fcomments&post=22680"}],"wp:featuredmedia":[{"embeddable":true,"href":"https:\/\/www.go4dogs.de\/index.php?rest_route=\/wp\/v2\/media\/22678"}],"wp:attachment":[{"href":"https:\/\/www.go4dogs.de\/index.php?rest_route=%2Fwp%2Fv2%2Fmedia&parent=22680"}],"wp:term":[{"taxonomy":"product_brand","embeddable":true,"href":"https:\/\/www.go4dogs.de\/index.php?rest_route=%2Fwp%2Fv2%2Fproduct_brand&post=22680"},{"taxonomy":"product_cat","embeddable":true,"href":"https:\/\/www.go4dogs.de\/index.php?rest_route=%2Fwp%2Fv2%2Fproduct_cat&post=22680"},{"taxonomy":"product_tag","embeddable":true,"href":"https:\/\/www.go4dogs.de\/index.php?rest_route=%2Fwp%2Fv2%2Fproduct_tag&post=22680"}],"curies":[{"name":"wp","href":"https:\/\/api.w.org\/{rel}","templated":true}]}}