{"id":21741,"date":"2023-04-28T11:17:44","date_gmt":"2023-04-28T09:17:44","guid":{"rendered":"https:\/\/www.go4dogs.de\/?post_type=product&#038;p=21741"},"modified":"2024-12-01T20:53:06","modified_gmt":"2024-12-01T18:53:06","slug":"john-paul-pet-lavender-mint-detangling-spray-236ml","status":"publish","type":"product","link":"https:\/\/www.go4dogs.de\/?product=john-paul-pet-lavender-mint-detangling-spray-236ml","title":{"rendered":"John Paul Pet: Lavender Mint Detangling Spray 236ml"},"content":{"rendered":"<p><strong>Nur das Beste f\u00fcr den vierbeinigen Freund \u2013\u00a0JOHN PAUL PET<\/strong><\/p>\n<p><strong>Vorteile des Sprays:<\/strong><\/p>\n<ul>\n<li>Teebaum\u00f6l und Extrakte aus Lavendel und Minze wirken wohltuend. Ideal f\u00fcr die Pflege zwischendurch.<\/li>\n<li>13 Pflegestoffe wie Hafermehl, Kamille, s\u00fc\u00dfes Mandel\u00f6l und Panthenol dringen in das Fell ein und umh\u00fcllen das Haar, um Knoten und Verfilzungen zu l\u00f6sen.<\/li>\n<li>Beruhigt, spendet Feuchtigkeit und pflegt trockenes, widerspenstiges Haar<\/li>\n<\/ul>\n<p>Vor Gebrauch gut sch\u00fctteln. Auf das feuchte oder trockene Fell spr\u00fchen und b\u00fcrsten.<\/p>\n<p>InhaltsstoWater\/Aqua\/Eau, Melaleuca Alternifolia (Tea Tree) Leaf Oil, Lavandula Anfustifolia (Lavender) Extract, Mentha Viridis (Spearmint) Extract, Aloe Barbadensis Leaf Juice, Chamomilla Recutita (Matricaria) Flower Extract, Prunus Amygdalus Dulcis (Sweet Almond) Oil, Hydrolyzed Oat Protein, Panthenol, Polyquaternium-37, Propylene Glycol, Dicaprylate\/Dicaprate, PPG-1 Trideceth-6, Polysorbate 20, Cyclopentasiloxane, Cyclohexasiloxane, Butylene Glycol, Guar Hydroxypropyltrimonium Chloride, Phenyl Trimethicone, Dicetyldimonium Chloride, Caprylhdroxamic Acid, Phenoxyethanol, Methylpropanediol, Fragrance (Parfum), Linaloo, Limonene, Benzyl Alcohol<\/p>\n<p><b>Inhalt:<\/b> 236 ml<\/p>\n","protected":false},"excerpt":{"rendered":"<p>Nur das Beste f\u00fcr den vierbeinigen Freund \u2013\u00a0JOHN PAUL PET Vorteile des Sprays: Teebaum\u00f6l und Extrakte aus Lavendel und Minze wirken wohltuend. Ideal f\u00fcr die Pflege zwischendurch. 13 Pflegestoffe wie Hafermehl, Kamille, s\u00fc\u00dfes Mandel\u00f6l und Panthenol dringen in das Fell ein und umh\u00fcllen das Haar, um Knoten und Verfilzungen zu l\u00f6sen. Beruhigt, spendet Feuchtigkeit und [&hellip;]<\/p>\n","protected":false},"featured_media":21742,"comment_status":"closed","ping_status":"closed","template":"","meta":[],"product_brand":[],"product_cat":[235],"product_tag":[],"class_list":{"0":"post-21741","1":"product","2":"type-product","3":"status-publish","4":"has-post-thumbnail","6":"product_cat-alles-fuer-die-pflege","7":"tm-no-options","9":"first","10":"instock","11":"taxable","12":"shipping-taxable","13":"product-type-simple"},"supplier_id":null,"supplier_sku":"","barcode":null,"atum_controlled":true,"out_stock_date":null,"out_stock_threshold":null,"inheritable":false,"inbound_stock":0,"stock_on_hold":0,"sold_today":0,"sales_last_days":0,"reserved_stock":0,"customer_returns":0,"warehouse_damage":0,"lost_in_post":0,"other_logs":0,"out_stock_days":0,"lost_sales":0,"has_location":false,"update_date":"2024-12-01T18:53:09","atum_locations":[],"atum_stock_status":"instock","restock_status":false,"low_stock_amount":"","sales_update_date":"2023-12-01T14:31:54","calc_backorders":null,"jetpack_sharing_enabled":true,"_links":{"self":[{"href":"https:\/\/www.go4dogs.de\/index.php?rest_route=\/wp\/v2\/product\/21741","targetHints":{"allow":["GET"]}}],"collection":[{"href":"https:\/\/www.go4dogs.de\/index.php?rest_route=\/wp\/v2\/product"}],"about":[{"href":"https:\/\/www.go4dogs.de\/index.php?rest_route=\/wp\/v2\/types\/product"}],"replies":[{"embeddable":true,"href":"https:\/\/www.go4dogs.de\/index.php?rest_route=%2Fwp%2Fv2%2Fcomments&post=21741"}],"wp:featuredmedia":[{"embeddable":true,"href":"https:\/\/www.go4dogs.de\/index.php?rest_route=\/wp\/v2\/media\/21742"}],"wp:attachment":[{"href":"https:\/\/www.go4dogs.de\/index.php?rest_route=%2Fwp%2Fv2%2Fmedia&parent=21741"}],"wp:term":[{"taxonomy":"product_brand","embeddable":true,"href":"https:\/\/www.go4dogs.de\/index.php?rest_route=%2Fwp%2Fv2%2Fproduct_brand&post=21741"},{"taxonomy":"product_cat","embeddable":true,"href":"https:\/\/www.go4dogs.de\/index.php?rest_route=%2Fwp%2Fv2%2Fproduct_cat&post=21741"},{"taxonomy":"product_tag","embeddable":true,"href":"https:\/\/www.go4dogs.de\/index.php?rest_route=%2Fwp%2Fv2%2Fproduct_tag&post=21741"}],"curies":[{"name":"wp","href":"https:\/\/api.w.org\/{rel}","templated":true}]}}