{"id":21556,"date":"2023-03-17T15:29:01","date_gmt":"2023-03-17T13:29:01","guid":{"rendered":"https:\/\/www.go4dogs.de\/?post_type=product&#038;p=21556"},"modified":"2025-11-30T16:04:11","modified_gmt":"2025-11-30T14:04:11","slug":"hundeschlafplatz-donut-lincoln-von-hunter","status":"publish","type":"product","link":"https:\/\/www.go4dogs.de\/?product=hundeschlafplatz-donut-lincoln-von-hunter","title":{"rendered":"Hundeschlafplatz Donut Lincoln von Hunter"},"content":{"rendered":"<p>Schlafen wie auf Wolken &#8211; mit dem wunderbar weichen DONUT Lincoln von HUNTER \u00fcberhaupt kein Problem. Der besonders softe Pl\u00fcsch findet sich auch auf dem wendbaren Innenkissen wieder und l\u00e4dt jede Fellnase zum ausgiebigen Ruhen und Kuscheln ein. Die rutschhemmende Unterseite macht auch das Ein- und Aussteigen zu einer entspannten Angelegenheit.<\/p>\n<p>Falls n\u00f6tig, kann der komplette Schlafplatz einfach bei 30 Grad in der Waschmaschine gereinigt werden.<\/p>\n<ul>\n<li>Liegefl\u00e4che mit sehr weichem und kuscheligen Pl\u00fcsch<\/li>\n<li>Wendbares Innenkissen<\/li>\n<li>Rutschhemmende Unterseite<\/li>\n<li>bei 30 Grad waschbar<\/li>\n<\/ul>\n<p>&nbsp;<\/p>\n<p>Durchmesser (aussen): klein ca 50cm, mittel ca 70cm, ca gro\u00df 90cm<\/p>\n<p>Farbe: grau<\/p>\n<p>&nbsp;<\/p>\n","protected":false},"excerpt":{"rendered":"<p>Schlafen wie auf Wolken &#8211; mit dem wunderbar weichen DONUT Lincoln von HUNTER \u00fcberhaupt kein Problem. Der besonders softe Pl\u00fcsch findet sich auch auf dem wendbaren Innenkissen wieder und l\u00e4dt jede Fellnase zum ausgiebigen Ruhen und Kuscheln ein. Die rutschhemmende Unterseite macht auch das Ein- und Aussteigen zu einer entspannten Angelegenheit. Falls n\u00f6tig, kann der [&hellip;]<\/p>\n","protected":false},"featured_media":21568,"comment_status":"closed","ping_status":"closed","template":"","meta":[],"product_brand":[],"product_cat":[337],"product_tag":[],"class_list":{"0":"post-21556","1":"product","2":"type-product","3":"status-publish","4":"has-post-thumbnail","6":"product_cat-kissen-von-hunter","7":"tm-no-options","9":"first","10":"instock","11":"sale","12":"taxable","13":"shipping-taxable","14":"product-type-variable"},"supplier_id":null,"supplier_sku":"","barcode":null,"atum_controlled":true,"out_stock_date":null,"out_stock_threshold":null,"inheritable":true,"inbound_stock":0,"stock_on_hold":0,"sold_today":null,"sales_last_days":null,"reserved_stock":0,"customer_returns":0,"warehouse_damage":0,"lost_in_post":0,"other_logs":0,"out_stock_days":null,"lost_sales":null,"has_location":false,"update_date":"2025-02-20T11:09:44","atum_locations":[],"atum_stock_status":"instock","restock_status":false,"low_stock_amount":"","sales_update_date":"2023-05-25T05:10:51","calc_backorders":null,"jetpack_sharing_enabled":true,"_links":{"self":[{"href":"https:\/\/www.go4dogs.de\/index.php?rest_route=\/wp\/v2\/product\/21556","targetHints":{"allow":["GET"]}}],"collection":[{"href":"https:\/\/www.go4dogs.de\/index.php?rest_route=\/wp\/v2\/product"}],"about":[{"href":"https:\/\/www.go4dogs.de\/index.php?rest_route=\/wp\/v2\/types\/product"}],"replies":[{"embeddable":true,"href":"https:\/\/www.go4dogs.de\/index.php?rest_route=%2Fwp%2Fv2%2Fcomments&post=21556"}],"wp:featuredmedia":[{"embeddable":true,"href":"https:\/\/www.go4dogs.de\/index.php?rest_route=\/wp\/v2\/media\/21568"}],"wp:attachment":[{"href":"https:\/\/www.go4dogs.de\/index.php?rest_route=%2Fwp%2Fv2%2Fmedia&parent=21556"}],"wp:term":[{"taxonomy":"product_brand","embeddable":true,"href":"https:\/\/www.go4dogs.de\/index.php?rest_route=%2Fwp%2Fv2%2Fproduct_brand&post=21556"},{"taxonomy":"product_cat","embeddable":true,"href":"https:\/\/www.go4dogs.de\/index.php?rest_route=%2Fwp%2Fv2%2Fproduct_cat&post=21556"},{"taxonomy":"product_tag","embeddable":true,"href":"https:\/\/www.go4dogs.de\/index.php?rest_route=%2Fwp%2Fv2%2Fproduct_tag&post=21556"}],"curies":[{"name":"wp","href":"https:\/\/api.w.org\/{rel}","templated":true}]}}