{"id":20769,"date":"2022-09-21T10:11:53","date_gmt":"2022-09-21T08:11:53","guid":{"rendered":"https:\/\/www.go4dogs.de\/?post_type=product&#038;p=20769"},"modified":"2024-12-01T20:49:29","modified_gmt":"2024-12-01T18:49:29","slug":"fussmatte-bitte-pfoten-abtreten-60x40cm-tuerkis","status":"publish","type":"product","link":"https:\/\/www.go4dogs.de\/?product=fussmatte-bitte-pfoten-abtreten-60x40cm-tuerkis","title":{"rendered":"Fussmatte &#8211; Bitte Pfoten abtreten! &#8211; 60x40cm &#8211; t\u00fcrkis"},"content":{"rendered":"<p align=\"LEFT\"><span style=\"font-family: Arial, sans-serif;\"><span style=\"font-size: medium;\"><strong><span style=\"color: #313131;\"><span style=\"font-family: Verdana;\"><i>Schluss mit langweiligen Fu\u00dfabtretern!<\/i><\/span><\/span><\/strong><\/span><\/span><\/p>\n<p><span style=\"color: #313131;\"><span style=\"font-family: Verdana;\">Mit unseren Fu\u00dfmatten wird deine Haust\u00fcr, Wohnungst\u00fcr oder Zimmert\u00fcr perfekt in Szene gesetzt.<\/span><\/span><\/p>\n<p align=\"LEFT\"><span style=\"font-family: Arial, sans-serif;\"><span style=\"font-size: medium;\"><strong><span style=\"color: #313131;\"><span style=\"font-family: Verdana;\"><i>Wenn ein Hund, eine Katze oder ein anderes Haustier bei dir wohnt, sind unsere Matten ganz besonders f\u00fcr dich geeignet: Durch die glatte Filz-Oberfl\u00e4che lassen sich Haare ganz einfach absaugen oder mit einem feuchten Tuch abwischen.<\/i><\/span><\/span><\/strong><\/span><\/span><\/p>\n<p align=\"LEFT\"><strong><span style=\"color: #313131;\"><span style=\"font-family: Verdana, sans-serif;\"><span style=\"font-size: medium;\">Du suchst nach neuer Deko-Inspiration f\u00fcr dein Zuhause? Und hast keine Lust mehr auf kahle B\u00f6den oder m\u00f6chtest deinem Eingangsbereich einen neuen Look verleihen? Dann setze ein Statement mit unseren Fu\u00dfmatten!<\/span><\/span><\/span><\/strong><\/p>\n<p align=\"LEFT\"><strong><span style=\"color: #313131;\"><span style=\"font-family: Verdana, sans-serif;\"><span style=\"font-size: medium;\"><span style=\"font-family: Verdana;\"><b>Witzige Spr\u00fcche und tolle Motive<\/b><\/span><\/span><\/span><\/span><\/strong><\/p>\n<p><span style=\"color: #313131;\"><span style=\"font-family: Verdana;\">Witzige Spr\u00fcche, sch\u00f6ne Zitate und Motive verbreiten gute Stimmung und sie verraten Besuchern, was sich hinter der T\u00fcr verbirgt. Die Fu\u00dfmatten sind viel mehr als nur ein Teppich: Sie bringen deine Besucher zum L\u00e4cheln. Sie sind ideal geeignet f\u00fcr den Innenbereich, N\u00e4sse und Schmutz k\u00f6nnen ihnen nichts anhaben, aber daf\u00fcr sind sie schon fast zu schade.<\/span><\/span><\/p>\n<p><span style=\"color: #313131;\"><span style=\"font-family: Verdana;\"><b>Gut zu wissen<\/b><\/span><\/span><\/p>\n<p><span style=\"color: #313131;\"><span style=\"font-family: Verdana;\">Die Fu\u00dfmatten sehen aber nicht nur gut aus: Sie sind lichtecht, resistent gegen Feuchtigkeit und k\u00f6nnen einfach gereinigt werden, wobei wir eine Reinigung von Hand mit einer B\u00fcrste und mildem Waschmittel empfehlen. Die R\u00fcckseite der Matte besteht aus robustem und rutschfestem Gummi.<\/span><\/span><\/p>\n<p><span style=\"color: #313131;\"><span style=\"font-family: Verdana;\"><b>Unsere Kaufempfehlung<\/b><\/span><\/span><\/p>\n<p lang=\"de-DE\"><span style=\"color: #313131;\"><span style=\"font-family: Verdana;\">Menschen, die sch\u00f6ne Dinge m\u00f6gen und sich oder andere gerne \u00fcberraschen, werden die Fu\u00dfmatten lieben. Geeignet f\u00fcr Freunde, die schon alles haben, als Gastgeschenk oder als Einzugsgeschenk.<\/span><\/span><\/p>\n<p lang=\"de-DE\"><span style=\"color: #313131;\"><span style=\"font-family: Verdana;\"><b>Die wichtigsten Eigenschaften:<\/b><\/span><\/span><\/p>\n<ul>\n<li>\n<p lang=\"de-DE\"><span style=\"color: #313131;\"><span style=\"font-family: Verdana;\">Feste Filz-Struktur, die Oberseite nimmt Feuchtigkeit gut auf<\/span><\/span><\/p>\n<\/li>\n<li>\n<p lang=\"de-DE\"><span style=\"color: #313131;\"><span style=\"font-family: Verdana;\">Die glatte Oberfl\u00e4che ist super leicht mit einem Schwamm zu reinigen<\/span><\/span><\/p>\n<\/li>\n<li>\n<p lang=\"de-DE\"><span style=\"color: #313131;\"><span style=\"font-family: Verdana;\">Ideal geeignet f\u00fcr Menschen mit Hunden oder Katzen<\/span><\/span><\/p>\n<\/li>\n<li>\n<p lang=\"de-DE\"><span style=\"color: #313131;\"><span style=\"font-family: Verdana;\">Am besten geeignet f\u00fcr den Innenbereich und den gesch\u00fctzten Au\u00dfenbereich<\/span><\/span><\/p>\n<\/li>\n<li>\n<p lang=\"de-DE\"><span style=\"color: #313131;\"><span style=\"font-family: Verdana;\">Feuchtigkeitsbest\u00e4ndig, lichtecht und robust<\/span><\/span><\/p>\n<\/li>\n<li>\n<p lang=\"de-DE\"><span style=\"color: #313131;\"><span style=\"font-family: Verdana;\">R\u00fcckseite aus rutschfestem und festem Gummi<\/span><\/span><\/p>\n<\/li>\n<li>\n<p lang=\"de-DE\"><span style=\"color: #313131;\"><span style=\"font-family: Verdana;\">Hergestellt in Deutschland und von Hand bedruckt<\/span><\/span><\/p>\n<\/li>\n<li>\n<p lang=\"de-DE\"><span style=\"color: #313131;\"><span style=\"font-family: Verdana;\">Gr\u00f6\u00dfe: 40&#215;60 cm<\/span><\/span><\/p>\n<\/li>\n<\/ul>\n","protected":false},"excerpt":{"rendered":"<p>Schluss mit langweiligen Fu\u00dfabtretern! Mit unseren Fu\u00dfmatten wird deine Haust\u00fcr, Wohnungst\u00fcr oder Zimmert\u00fcr perfekt in Szene gesetzt. Wenn ein Hund, eine Katze oder ein anderes Haustier bei dir wohnt, sind unsere Matten ganz besonders f\u00fcr dich geeignet: Durch die glatte Filz-Oberfl\u00e4che lassen sich Haare ganz einfach absaugen oder mit einem feuchten Tuch abwischen. Du suchst [&hellip;]<\/p>\n","protected":false},"featured_media":20770,"comment_status":"closed","ping_status":"closed","template":"","meta":[],"product_brand":[],"product_cat":[222],"product_tag":[],"class_list":{"0":"post-20769","1":"product","2":"type-product","3":"status-publish","4":"has-post-thumbnail","6":"product_cat-fussmatten","7":"tm-no-options","9":"first","10":"instock","11":"taxable","12":"shipping-taxable","13":"product-type-simple"},"supplier_id":null,"supplier_sku":"","barcode":null,"atum_controlled":true,"out_stock_date":null,"out_stock_threshold":null,"inheritable":false,"inbound_stock":0,"stock_on_hold":0,"sold_today":0,"sales_last_days":0,"reserved_stock":0,"customer_returns":0,"warehouse_damage":0,"lost_in_post":0,"other_logs":0,"out_stock_days":0,"lost_sales":0,"has_location":false,"update_date":"2024-12-01T18:49:32","atum_locations":[],"atum_stock_status":"instock","restock_status":false,"low_stock_amount":"","sales_update_date":"2023-03-23T11:26:49","calc_backorders":null,"jetpack_sharing_enabled":true,"_links":{"self":[{"href":"https:\/\/www.go4dogs.de\/index.php?rest_route=\/wp\/v2\/product\/20769","targetHints":{"allow":["GET"]}}],"collection":[{"href":"https:\/\/www.go4dogs.de\/index.php?rest_route=\/wp\/v2\/product"}],"about":[{"href":"https:\/\/www.go4dogs.de\/index.php?rest_route=\/wp\/v2\/types\/product"}],"replies":[{"embeddable":true,"href":"https:\/\/www.go4dogs.de\/index.php?rest_route=%2Fwp%2Fv2%2Fcomments&post=20769"}],"wp:featuredmedia":[{"embeddable":true,"href":"https:\/\/www.go4dogs.de\/index.php?rest_route=\/wp\/v2\/media\/20770"}],"wp:attachment":[{"href":"https:\/\/www.go4dogs.de\/index.php?rest_route=%2Fwp%2Fv2%2Fmedia&parent=20769"}],"wp:term":[{"taxonomy":"product_brand","embeddable":true,"href":"https:\/\/www.go4dogs.de\/index.php?rest_route=%2Fwp%2Fv2%2Fproduct_brand&post=20769"},{"taxonomy":"product_cat","embeddable":true,"href":"https:\/\/www.go4dogs.de\/index.php?rest_route=%2Fwp%2Fv2%2Fproduct_cat&post=20769"},{"taxonomy":"product_tag","embeddable":true,"href":"https:\/\/www.go4dogs.de\/index.php?rest_route=%2Fwp%2Fv2%2Fproduct_tag&post=20769"}],"curies":[{"name":"wp","href":"https:\/\/api.w.org\/{rel}","templated":true}]}}