{"id":20596,"date":"2022-06-09T14:56:56","date_gmt":"2022-06-09T12:56:56","guid":{"rendered":"https:\/\/www.go4dogs.de\/?post_type=product&#038;p=20596"},"modified":"2024-11-12T09:49:43","modified_gmt":"2024-11-12T07:49:43","slug":"mjamjam-gute-pute-an-gekochtem-reis-mit-gedaempfter-zucchini-kopie","status":"publish","type":"product","link":"https:\/\/www.go4dogs.de\/?product=mjamjam-gute-pute-an-gekochtem-reis-mit-gedaempfter-zucchini-kopie","title":{"rendered":"MjAMjAM &#8211; blanchierte Pute mit reichlich Lachs an ged\u00e4mpfter Zucchini an So\u00dfe"},"content":{"rendered":"<h3>MjAMjAM \u2013 Blanchierte Pute mit reichlich\u00a0<span class=\"modal_lexicon\">Lachs<\/span>\u00a0an ged\u00e4mpfter\u00a0<span class=\"modal_lexicon\">Zucchini<\/span>\u00a0an So\u00dfe<\/h3>\n<p>Alle Lieblingszutaten in einer Portion. Das kann nur von MjAMjAM sein. Wer mit unserer blanchierten Pute mit reichlich\u00a0<span class=\"modal_lexicon\">Lachs<\/span>\u00a0an ged\u00e4mpfter\u00a0<span class=\"modal_lexicon\">Zucchini<\/span>\u00a0nach Hause kommt, wird den wartenden Blicken seiner Fellnase nicht lange widerstehen k\u00f6nnen. Das wird ja eine sch\u00f6ne Schlabberei. So viel So\u00dfe, so viel Geschmack, so viel MjAMjAM.<\/p>\n<p>&nbsp;<\/p>\n<h3><a href=\"https:\/\/www.go4dogs.de\/wp-content\/uploads\/2022\/06\/pute-blanchiert.jpg\"><img fetchpriority=\"high\" decoding=\"async\" class=\"alignnone  wp-image-20599\" src=\"https:\/\/www.go4dogs.de\/wp-content\/uploads\/2022\/06\/pute-blanchiert-300x74.jpg\" alt=\"\" width=\"969\" height=\"239\" srcset=\"https:\/\/www.go4dogs.de\/wp-content\/uploads\/2022\/06\/pute-blanchiert-300x74.jpg 300w, https:\/\/www.go4dogs.de\/wp-content\/uploads\/2022\/06\/pute-blanchiert-1024x252.jpg 1024w, https:\/\/www.go4dogs.de\/wp-content\/uploads\/2022\/06\/pute-blanchiert-768x189.jpg 768w, https:\/\/www.go4dogs.de\/wp-content\/uploads\/2022\/06\/pute-blanchiert-555x137.jpg 555w, https:\/\/www.go4dogs.de\/wp-content\/uploads\/2022\/06\/pute-blanchiert.jpg 1052w\" sizes=\"(max-width: 969px) 100vw, 969px\" \/><\/a><\/h3>\n<h3>Zusammensetzung<\/h3>\n<ul class=\"einzeiler-wrapper\">\n<li class=\"fleisch-innereien\">Pute (bestehend aus\u00a0<span class=\"modal_lexicon\">Muskelfleisch<\/span>,\u00a0<span class=\"modal_lexicon\">Herzen<\/span>, Lebern, M\u00e4gen, fleischigen H\u00e4lsen) 45%, Putenbr\u00fche 27%,<\/li>\n<li class=\"lachs\"><span class=\"modal_lexicon\">Lachs<\/span>\u00a020%,<\/li>\n<li class=\"zucchini\"><span class=\"modal_lexicon\">Zucchini<\/span>\u00a05%,<\/li>\n<li class=\"mineralstoffe\">Mineralstoffe,<\/li>\n<li class=\"oel\">Lein\u00f6l 0,2%.<\/li>\n<\/ul>\n<h3>Analytische Bestandteile<\/h3>\n<ul>\n<li class=\"feuchtigkeit\">Feuchtigkeit 78,5%<\/li>\n<li class=\"rohprotein\"><span class=\"modal_lexicon\">Rohprotein<\/span>\u00a010%<\/li>\n<li class=\"fettgehalt\"><span class=\"modal_lexicon\">Fettgehalt<\/span>\u00a04,8%<\/li>\n<li class=\"rohasche\"><span class=\"modal_lexicon\">Rohasche<\/span>\u00a01,8%<\/li>\n<li class=\"rohfaser\"><span class=\"modal_lexicon\">Rohfaser<\/span>\u00a00,3%<\/li>\n<\/ul>\n<h3>Zusatzstoffe je kg: Ern\u00e4hrungsphysiologische Zusatzstoffe:<\/h3>\n<p>Vitamin A: 2000 IE, Vitamin E: 25 mg, Biotin: 25 ug, Zink als Zinkoxid: 20 mg, Jod als Calciumjodat, wasserfrei: 0,75 mg, Kupfer als Kupfer(II)-sulfat-Pentahydrat: 1,5 mg.<\/p>\n<h3>F\u00fctterungsempfehlung<\/h3>\n<p>160 &#8211; 190 g t\u00e4glich f\u00fcr einen ausgewachsenen Hund mit 2 kg Gewicht.<\/p>\n<p>320 &#8211; 370 g t\u00e4glich f\u00fcr einen ausgewachsenen Hund mit 5 kg Gewicht.<\/p>\n<p>415 &#8211; 480 g t\u00e4glich f\u00fcr einen ausgewachsenen Hund mit 7 kg Gewicht.<\/p>\n<p>540 &#8211; 625 g t\u00e4glich f\u00fcr einen ausgewachsenen Hund mit 10 kg Gewicht.<\/p>\n<p>735 &#8211; 850 g t\u00e4glich f\u00fcr einen ausgewachsenen Hund mit 15 kg Gewicht.<\/p>\n<p>910 &#8211; 1.055 g t\u00e4glich f\u00fcr einen ausgewachsenen Hund mit 20 kg Gewicht.<\/p>\n<p>Diese Angaben sind Richtwerte. Der individuelle, t\u00e4gliche Bedarf Ihres Hundes h\u00e4ngt von weiteren Faktoren wie Rasse, Alter, Aktivit\u00e4t und Haltung ab. Das zus\u00e4tzliche F\u00fcttern von Snacks sollte bei der Tagesration ber\u00fccksichtigt werden. Bitte zimmerwarm f\u00fcttern. Nach dem \u00d6ffnen im K\u00fchlschrank aufbewahren und innerhalb von 2 Tagen verbrauchen. Stellen Sie stets ausreichend frisches Trinkwasser zur Verf\u00fcgung.<\/p>\n","protected":false},"excerpt":{"rendered":"<p>MjAMjAM \u2013 Blanchierte Pute mit reichlich\u00a0Lachs\u00a0an ged\u00e4mpfter\u00a0Zucchini\u00a0an So\u00dfe Alle Lieblingszutaten in einer Portion. Das kann nur von MjAMjAM sein. Wer mit unserer blanchierten Pute mit reichlich\u00a0Lachs\u00a0an ged\u00e4mpfter\u00a0Zucchini\u00a0nach Hause kommt, wird den wartenden Blicken seiner Fellnase nicht lange widerstehen k\u00f6nnen. Das wird ja eine sch\u00f6ne Schlabberei. So viel So\u00dfe, so viel Geschmack, so viel MjAMjAM. &nbsp; [&hellip;]<\/p>\n","protected":false},"featured_media":20600,"comment_status":"closed","ping_status":"closed","template":"","meta":[],"product_brand":[],"product_cat":[202],"product_tag":[],"class_list":{"0":"post-20596","1":"product","2":"type-product","3":"status-publish","4":"has-post-thumbnail","6":"product_cat-nassfutter-von-mjamjam","7":"tm-no-options","9":"first","10":"instock","11":"taxable","12":"shipping-taxable","13":"product-type-variable"},"supplier_id":null,"supplier_sku":"","barcode":null,"atum_controlled":true,"out_stock_date":null,"out_stock_threshold":null,"inheritable":false,"inbound_stock":0,"stock_on_hold":0,"sold_today":null,"sales_last_days":null,"reserved_stock":0,"customer_returns":0,"warehouse_damage":0,"lost_in_post":0,"other_logs":0,"out_stock_days":null,"lost_sales":null,"has_location":false,"update_date":"2024-11-12T07:49:46","atum_locations":[],"atum_stock_status":"instock","restock_status":false,"low_stock_amount":"","sales_update_date":"2023-03-23T11:26:48","calc_backorders":null,"jetpack_sharing_enabled":true,"_links":{"self":[{"href":"https:\/\/www.go4dogs.de\/index.php?rest_route=\/wp\/v2\/product\/20596","targetHints":{"allow":["GET"]}}],"collection":[{"href":"https:\/\/www.go4dogs.de\/index.php?rest_route=\/wp\/v2\/product"}],"about":[{"href":"https:\/\/www.go4dogs.de\/index.php?rest_route=\/wp\/v2\/types\/product"}],"replies":[{"embeddable":true,"href":"https:\/\/www.go4dogs.de\/index.php?rest_route=%2Fwp%2Fv2%2Fcomments&post=20596"}],"wp:featuredmedia":[{"embeddable":true,"href":"https:\/\/www.go4dogs.de\/index.php?rest_route=\/wp\/v2\/media\/20600"}],"wp:attachment":[{"href":"https:\/\/www.go4dogs.de\/index.php?rest_route=%2Fwp%2Fv2%2Fmedia&parent=20596"}],"wp:term":[{"taxonomy":"product_brand","embeddable":true,"href":"https:\/\/www.go4dogs.de\/index.php?rest_route=%2Fwp%2Fv2%2Fproduct_brand&post=20596"},{"taxonomy":"product_cat","embeddable":true,"href":"https:\/\/www.go4dogs.de\/index.php?rest_route=%2Fwp%2Fv2%2Fproduct_cat&post=20596"},{"taxonomy":"product_tag","embeddable":true,"href":"https:\/\/www.go4dogs.de\/index.php?rest_route=%2Fwp%2Fv2%2Fproduct_tag&post=20596"}],"curies":[{"name":"wp","href":"https:\/\/api.w.org\/{rel}","templated":true}]}}