{"id":19194,"date":"2021-06-26T21:00:05","date_gmt":"2021-06-26T19:00:05","guid":{"rendered":"https:\/\/www.go4dogs.de\/?post_type=product&#038;p=19194"},"modified":"2024-12-01T21:01:13","modified_gmt":"2024-12-01T19:01:13","slug":"dokas-insektenhappen-mehlwurm-grille-suesskartoffel-100g","status":"publish","type":"product","link":"https:\/\/www.go4dogs.de\/?product=dokas-insektenhappen-mehlwurm-grille-suesskartoffel-100g","title":{"rendered":"Dokas Insektenhappen Mehlwurm, Grille, S\u00fc\u00dfkartoffel 100g"},"content":{"rendered":"<p><strong>Insekten-Power\u00a0<\/strong><\/p>\n<p>Der \u201enachhaltige\u201c Hundesnack aus Grillen und Mehlw\u00fcrmern kombiniert mit k\u00f6stlicher S\u00fc\u00dfkartoffel. Die hochwertigen Zutaten bilden die Grundlage f\u00fcr ein delikates Snackvergn\u00fcgen f\u00fcr jeden Hund. Bestehend aus alternativen Proteinquellen sind sie dar\u00fcber hinaus ideal f\u00fcr ern\u00e4hrungssensible Hunde.<\/p>\n<p>Rohprotein: 27,9 %<br \/>\nRohfaser: 3,4 %<br \/>\nRohfett: 8,1 %<br \/>\nRohasche: 2,9 %<br \/>\nFeuchtigkeit: 13,3 %<br \/>\nEnergie: 340 kcal\/100g; 1423 kJ\/100g<\/p>\n<p>Die Berechnung der Energie erfolgte nach DIN EN 16967:2017.<\/p>\n<p>Erg\u00e4nzungsfuttermittel f\u00fcr Hunde.<br \/>\nZusammensetzung: pflanzliche Nebenerzeugnisse, 29 % S\u00fcsskartoffeln, 20 % Mehlw\u00fcrmer getrocknet (Tenebrio molitor), 5 % Grillen getrocknet (Gryllus testaceus)<\/p>\n<p>Als Belohnung zwischen den \u00fcblichen Mahlzeiten. Reduzierung der t\u00e4glichen Futtermenge nach Bedarf (Siehe Energieangabe). Stets ausreichend Trinkwasser bereitstellen. Nach Anbruch bitte k\u00fchl und trocken lagern. Frischebeutel verschlie\u00dfen und Inhalt bald verf\u00fcttern. Der im Beutel befindliche Absorber dient der Frische des Produktes und ist nicht zum Verzehr geeignet. Den Snack unter Aufsicht f\u00fcttern.<\/p>\n<p>Tipp: So gerne wir unsere Heimtiere auch belohnen, es sollte immer in Ma\u00dfen erfolgen.<\/p>\n","protected":false},"excerpt":{"rendered":"<p>Insekten-Power\u00a0 Der \u201enachhaltige\u201c Hundesnack aus Grillen und Mehlw\u00fcrmern kombiniert mit k\u00f6stlicher S\u00fc\u00dfkartoffel. Die hochwertigen Zutaten bilden die Grundlage f\u00fcr ein delikates Snackvergn\u00fcgen f\u00fcr jeden Hund. Bestehend aus alternativen Proteinquellen sind sie dar\u00fcber hinaus ideal f\u00fcr ern\u00e4hrungssensible Hunde. Rohprotein: 27,9 % Rohfaser: 3,4 % Rohfett: 8,1 % Rohasche: 2,9 % Feuchtigkeit: 13,3 % Energie: 340 kcal\/100g; [&hellip;]<\/p>\n","protected":false},"featured_media":19195,"comment_status":"closed","ping_status":"closed","template":"","meta":[],"product_brand":[],"product_cat":[211],"product_tag":[],"class_list":{"0":"post-19194","1":"product","2":"type-product","3":"status-publish","4":"has-post-thumbnail","6":"product_cat-leckerlies-von-dokas","7":"tm-no-options","9":"first","10":"instock","11":"taxable","12":"shipping-taxable","13":"product-type-simple"},"supplier_id":null,"supplier_sku":"","barcode":null,"atum_controlled":true,"out_stock_date":null,"out_stock_threshold":null,"inheritable":false,"inbound_stock":0,"stock_on_hold":0,"sold_today":0,"sales_last_days":0,"reserved_stock":0,"customer_returns":0,"warehouse_damage":0,"lost_in_post":0,"other_logs":0,"out_stock_days":0,"lost_sales":0,"has_location":false,"update_date":"2024-12-01T19:01:16","atum_locations":[],"atum_stock_status":"instock","restock_status":false,"low_stock_amount":"","sales_update_date":"2023-11-25T06:20:42","calc_backorders":null,"jetpack_sharing_enabled":true,"_links":{"self":[{"href":"https:\/\/www.go4dogs.de\/index.php?rest_route=\/wp\/v2\/product\/19194","targetHints":{"allow":["GET"]}}],"collection":[{"href":"https:\/\/www.go4dogs.de\/index.php?rest_route=\/wp\/v2\/product"}],"about":[{"href":"https:\/\/www.go4dogs.de\/index.php?rest_route=\/wp\/v2\/types\/product"}],"replies":[{"embeddable":true,"href":"https:\/\/www.go4dogs.de\/index.php?rest_route=%2Fwp%2Fv2%2Fcomments&post=19194"}],"wp:featuredmedia":[{"embeddable":true,"href":"https:\/\/www.go4dogs.de\/index.php?rest_route=\/wp\/v2\/media\/19195"}],"wp:attachment":[{"href":"https:\/\/www.go4dogs.de\/index.php?rest_route=%2Fwp%2Fv2%2Fmedia&parent=19194"}],"wp:term":[{"taxonomy":"product_brand","embeddable":true,"href":"https:\/\/www.go4dogs.de\/index.php?rest_route=%2Fwp%2Fv2%2Fproduct_brand&post=19194"},{"taxonomy":"product_cat","embeddable":true,"href":"https:\/\/www.go4dogs.de\/index.php?rest_route=%2Fwp%2Fv2%2Fproduct_cat&post=19194"},{"taxonomy":"product_tag","embeddable":true,"href":"https:\/\/www.go4dogs.de\/index.php?rest_route=%2Fwp%2Fv2%2Fproduct_tag&post=19194"}],"curies":[{"name":"wp","href":"https:\/\/api.w.org\/{rel}","templated":true}]}}