{"id":18141,"date":"2020-12-25T17:41:10","date_gmt":"2020-12-25T15:41:10","guid":{"rendered":"https:\/\/www.go4dogs.de\/?post_type=product&#038;p=18141"},"modified":"2026-01-05T16:11:41","modified_gmt":"2026-01-05T14:11:41","slug":"cloud7-hundemantel-brooklyn-graphit","status":"publish","type":"product","link":"https:\/\/www.go4dogs.de\/?product=cloud7-hundemantel-brooklyn-graphit","title":{"rendered":"Cloud7 Hundemantel Brooklyn Graphit"},"content":{"rendered":"<p>Der Hundemantel ist entgegen oft verbreiteter Ansicht kein Fashion Artikel, sondern f\u00fcr viele Hunde von wichtiger Funktion. Vor allem f\u00fcr Hunde mit weniger Unterfell oder \u00e4ltere Hunde mit Gelenkproblemen oder Rheuma ist er oft unverzichtbar. Der Cloud7 Hundemantel BROOKLYN vereint dabei alle wichtigsten Funktionen. Er l\u00e4sst sich durch einen einfachen Klettverschluss innerhalb von Sekunden an- und ausziehen, hat wasserabweisendes\u00a0Au\u00dfenmaterial und ein besonders w\u00e4rmendes Innenfutter.<\/p>\n<p>Und damit auch jeder Hund seine passende Gr\u00f6\u00dfe findet, gibt es ihn in 12 verschiedenen Gr\u00f6\u00dfen, was ihn neben seinem schlichten, reduzierten Design unter den Hundem\u00e4nteln einzigartig macht. Eine spezielle Rei\u00dfverschluss\u00f6ffnung f\u00fcr das Geschirr und ein Gummizug zum Feinjustieren der L\u00e4nge runden das besondere Design ab.<\/p>\n<ul class=\"description-checklist\">\n<li class=\"description-checklist-item\">wasserabweisender\u00a0Stoff<\/li>\n<li class=\"description-checklist-item\">einfaches An- und Ausziehen<\/li>\n<li class=\"description-checklist-item\">maschinenwaschbar<\/li>\n<\/ul>\n<p>&nbsp;<\/p>\n<div class=\"second-description-title\">Materialien:<\/div>\n<div class=\"second-description-cat\"><span class=\"second-description-cat-title\">Au\u00dfenmaterial:<\/span>Polyethylen-, Polyestermix<\/div>\n<div class=\"second-description-cat\"><span class=\"second-description-cat-title\">Innenfutter:<\/span>Viskose-, Polyestermix<\/div>\n<div><\/div>\n<div class=\"second-description-title\">Pflege:<\/div>\n<p>Feinw\u00e4sche 30 Grad<\/p>\n","protected":false},"excerpt":{"rendered":"<p>Der Hundemantel ist entgegen oft verbreiteter Ansicht kein Fashion Artikel, sondern f\u00fcr viele Hunde von wichtiger Funktion. Vor allem f\u00fcr Hunde mit weniger Unterfell oder \u00e4ltere Hunde mit Gelenkproblemen oder Rheuma ist er oft unverzichtbar. Der Cloud7 Hundemantel BROOKLYN vereint dabei alle wichtigsten Funktionen. Er l\u00e4sst sich durch einen einfachen Klettverschluss innerhalb von Sekunden an- [&hellip;]<\/p>\n","protected":false},"featured_media":18134,"comment_status":"closed","ping_status":"closed","template":"","meta":[],"product_brand":[],"product_cat":[230,270,334],"product_tag":[],"class_list":{"0":"post-18141","1":"product","2":"type-product","3":"status-publish","4":"has-post-thumbnail","6":"product_cat-maentel-bademaentel-pullover","7":"product_cat-cloud7","8":"product_cat-cloud7-maentel","9":"tm-no-options","11":"first","12":"instock","13":"sale","14":"taxable","15":"shipping-taxable","16":"product-type-variable"},"supplier_id":null,"supplier_sku":"","barcode":null,"atum_controlled":true,"out_stock_date":null,"out_stock_threshold":null,"inheritable":true,"inbound_stock":0,"stock_on_hold":0,"sold_today":1,"sales_last_days":1,"reserved_stock":0,"customer_returns":0,"warehouse_damage":0,"lost_in_post":0,"other_logs":0,"out_stock_days":null,"lost_sales":0,"has_location":false,"update_date":"2026-01-05T14:23:33","atum_locations":[],"atum_stock_status":"instock","restock_status":false,"low_stock_amount":"","sales_update_date":"2024-10-04T12:39:28","calc_backorders":null,"jetpack_sharing_enabled":true,"_links":{"self":[{"href":"https:\/\/www.go4dogs.de\/index.php?rest_route=\/wp\/v2\/product\/18141","targetHints":{"allow":["GET"]}}],"collection":[{"href":"https:\/\/www.go4dogs.de\/index.php?rest_route=\/wp\/v2\/product"}],"about":[{"href":"https:\/\/www.go4dogs.de\/index.php?rest_route=\/wp\/v2\/types\/product"}],"replies":[{"embeddable":true,"href":"https:\/\/www.go4dogs.de\/index.php?rest_route=%2Fwp%2Fv2%2Fcomments&post=18141"}],"wp:featuredmedia":[{"embeddable":true,"href":"https:\/\/www.go4dogs.de\/index.php?rest_route=\/wp\/v2\/media\/18134"}],"wp:attachment":[{"href":"https:\/\/www.go4dogs.de\/index.php?rest_route=%2Fwp%2Fv2%2Fmedia&parent=18141"}],"wp:term":[{"taxonomy":"product_brand","embeddable":true,"href":"https:\/\/www.go4dogs.de\/index.php?rest_route=%2Fwp%2Fv2%2Fproduct_brand&post=18141"},{"taxonomy":"product_cat","embeddable":true,"href":"https:\/\/www.go4dogs.de\/index.php?rest_route=%2Fwp%2Fv2%2Fproduct_cat&post=18141"},{"taxonomy":"product_tag","embeddable":true,"href":"https:\/\/www.go4dogs.de\/index.php?rest_route=%2Fwp%2Fv2%2Fproduct_tag&post=18141"}],"curies":[{"name":"wp","href":"https:\/\/api.w.org\/{rel}","templated":true}]}}