{"id":15829,"date":"2020-04-15T15:19:52","date_gmt":"2020-04-15T13:19:52","guid":{"rendered":"https:\/\/www.go4dogs.de\/?post_type=product&#038;p=15829"},"modified":"2024-11-12T09:54:40","modified_gmt":"2024-11-12T07:54:40","slug":"hunter-silikon-reisenapf-list","status":"publish","type":"product","link":"https:\/\/www.go4dogs.de\/?product=hunter-silikon-reisenapf-list","title":{"rendered":"Hunter Silikon Reisenapf List"},"content":{"rendered":"<div class=\"content--full-box\">\n<p>Der Silikon-Reisenapf LIST ist buchst\u00e4blich gleich zwei N\u00e4pfe in einem. Die faltbaren N\u00e4pfe sind mit einem Karabiner verbunden, der auch zur Befestigung am Gep\u00e4ck etc. dient. Bei geringstem Platzbedarf k\u00f6nnen Sie so Futter- und Wassernapf f\u00fcr Ihren Hund mit auf die Reise nehmen.<\/p>\n<p>Den zusammengeklappten Silikon-Reisenapf LIST k\u00f6nnen Sie mit dem Karabiner ganz einfach an einer G\u00fcrtelschlaufe oder an Gep\u00e4ckst\u00fccken wie etwa einer Reisetasche, einem Trolley oder aber einem Rucksack befestigen. So ist der Silikon-Reisenapf LIST \u00fcberall problemlos dabei.<\/p>\n<p>Wenn Sie Ihren Hund f\u00fcttern wollen oder er Durst hat, nehmen Sie den Napf einfach ab, klappen ihn auf, und schon haben Sie zwei unterschiedliche gro\u00dfe N\u00e4pfe parat. Der Karabiner verbindet die N\u00e4pfe, sie k\u00f6nnen aber f\u00fcr einfacheres F\u00fcttern selbstverst\u00e4ndlich auch getrennt werden.<\/p>\n<p>Der Reisenapf LIST besteht aus lebensmittelgeeignetem Silikon.<\/p>\n<\/div>\n<div class=\"content--divider\"><\/div>\n<div class=\"content--half-box\">\n<ul>\n<li>lebensmittelgeeignetes Silikon<\/li>\n<li>ideal f\u00fcr unterwegs<\/li>\n<li>platzsparend faltbar<\/li>\n<li>mit Befestigungskarabiner<\/li>\n<li>kleiner Napf kann als Deckel verwendet werden<\/li>\n<li>abwaschbar<\/li>\n<li>Fassungsverm\u00f6gen: kleiner Napf 350ml, gro\u00dfer Napf 700ml<\/li>\n<\/ul>\n<\/div>\n","protected":false},"excerpt":{"rendered":"<p>Der Silikon-Reisenapf LIST ist buchst\u00e4blich gleich zwei N\u00e4pfe in einem. Die faltbaren N\u00e4pfe sind mit einem Karabiner verbunden, der auch zur Befestigung am Gep\u00e4ck etc. dient. Bei geringstem Platzbedarf k\u00f6nnen Sie so Futter- und Wassernapf f\u00fcr Ihren Hund mit auf die Reise nehmen. Den zusammengeklappten Silikon-Reisenapf LIST k\u00f6nnen Sie mit dem Karabiner ganz einfach an [&hellip;]<\/p>\n","protected":false},"featured_media":15833,"comment_status":"closed","ping_status":"closed","template":"","meta":[],"product_brand":[],"product_cat":[266],"product_tag":[],"class_list":{"0":"post-15829","1":"product","2":"type-product","3":"status-publish","4":"has-post-thumbnail","6":"product_cat-alles-fuer-den-sommer-und-die-warmen-tage","7":"tm-no-options","9":"first","10":"instock","11":"taxable","12":"shipping-taxable","13":"product-type-simple"},"supplier_id":null,"supplier_sku":"","barcode":null,"atum_controlled":true,"out_stock_date":null,"out_stock_threshold":null,"inheritable":false,"inbound_stock":0,"stock_on_hold":0,"sold_today":0,"sales_last_days":0,"reserved_stock":0,"customer_returns":0,"warehouse_damage":0,"lost_in_post":0,"other_logs":0,"out_stock_days":0,"lost_sales":0,"has_location":false,"update_date":"2024-11-12T07:54:48","atum_locations":[],"atum_stock_status":"instock","restock_status":false,"low_stock_amount":"","sales_update_date":"2023-05-23T10:08:22","calc_backorders":null,"jetpack_sharing_enabled":true,"_links":{"self":[{"href":"https:\/\/www.go4dogs.de\/index.php?rest_route=\/wp\/v2\/product\/15829","targetHints":{"allow":["GET"]}}],"collection":[{"href":"https:\/\/www.go4dogs.de\/index.php?rest_route=\/wp\/v2\/product"}],"about":[{"href":"https:\/\/www.go4dogs.de\/index.php?rest_route=\/wp\/v2\/types\/product"}],"replies":[{"embeddable":true,"href":"https:\/\/www.go4dogs.de\/index.php?rest_route=%2Fwp%2Fv2%2Fcomments&post=15829"}],"wp:featuredmedia":[{"embeddable":true,"href":"https:\/\/www.go4dogs.de\/index.php?rest_route=\/wp\/v2\/media\/15833"}],"wp:attachment":[{"href":"https:\/\/www.go4dogs.de\/index.php?rest_route=%2Fwp%2Fv2%2Fmedia&parent=15829"}],"wp:term":[{"taxonomy":"product_brand","embeddable":true,"href":"https:\/\/www.go4dogs.de\/index.php?rest_route=%2Fwp%2Fv2%2Fproduct_brand&post=15829"},{"taxonomy":"product_cat","embeddable":true,"href":"https:\/\/www.go4dogs.de\/index.php?rest_route=%2Fwp%2Fv2%2Fproduct_cat&post=15829"},{"taxonomy":"product_tag","embeddable":true,"href":"https:\/\/www.go4dogs.de\/index.php?rest_route=%2Fwp%2Fv2%2Fproduct_tag&post=15829"}],"curies":[{"name":"wp","href":"https:\/\/api.w.org\/{rel}","templated":true}]}}