{"id":15116,"date":"2020-02-24T20:02:12","date_gmt":"2020-02-24T18:02:12","guid":{"rendered":"https:\/\/www.go4dogs.de\/?post_type=product&#038;p=15116"},"modified":"2024-11-12T18:22:41","modified_gmt":"2024-11-12T16:22:41","slug":"tauleine-lissabon","status":"publish","type":"product","link":"https:\/\/www.go4dogs.de\/?product=tauleine-lissabon","title":{"rendered":"Tauleine Lissabon"},"content":{"rendered":"<p>Unsere beliebte Tauleine &#8220;Lissabon&#8221; aus rosa\/schwarzem Tau und schwarzem Takel!<\/p>\n<p>Du kannst zwischen drei Leinen w\u00e4hlen:<\/p>\n<ul>\n<li>verstellbare F\u00fchrleine in 2m-L\u00e4nge mit drei verstellbaren Ringen<\/li>\n<li>F\u00fchrleine in 1,10m-L\u00e4nge mit Handschlaufe<\/li>\n<li>Retrieverleine mit verstellbarem Halsung \u2013 die mitwachsende Leine. Durch die Knoten ist eine Verstellung auf die Halsgr\u00f6\u00dfe eures Hundes m\u00f6glich. Ideal auch f\u00fcr Welpen \u2013 die Leine w\u00e4chst mit dem heranwachsenden Hund mit.<\/li>\n<\/ul>\n<p>W\u00e4hle in den Optionen deine Karabinerart und die Farbe deiner Beschl\u00e4ge. Abweichende L\u00e4ngen bitte vorab erfragen!<\/p>\n<p>Waschbar in der Waschmaschine bei 30 Grad. Ein W\u00e4sches\u00e4ckchen empfehlen wir dir.<\/p>\n<p>Dieses Produkt wird nach deiner Bestellung speziell f\u00fcr dich per Hand gefertigt. Es ist daher von der R\u00fcckgabe ausgeschlossen.<\/p>\n","protected":false},"excerpt":{"rendered":"<p>Unsere beliebte Tauleine &#8220;Lissabon&#8221; aus rosa\/schwarzem Tau und schwarzem Takel! Du kannst zwischen drei Leinen w\u00e4hlen: verstellbare F\u00fchrleine in 2m-L\u00e4nge mit drei verstellbaren Ringen F\u00fchrleine in 1,10m-L\u00e4nge mit Handschlaufe Retrieverleine mit verstellbarem Halsung \u2013 die mitwachsende Leine. Durch die Knoten ist eine Verstellung auf die Halsgr\u00f6\u00dfe eures Hundes m\u00f6glich. Ideal auch f\u00fcr Welpen \u2013 die [&hellip;]<\/p>\n","protected":false},"featured_media":15095,"comment_status":"closed","ping_status":"closed","template":"","meta":[],"product_brand":[],"product_cat":[253],"product_tag":[],"class_list":{"0":"post-15116","1":"product","2":"type-product","3":"status-publish","4":"has-post-thumbnail","6":"product_cat-deine-tauleinen","7":"tm-has-options","9":"first","10":"instock","11":"taxable","12":"shipping-taxable","13":"product-type-simple"},"supplier_id":null,"supplier_sku":"","barcode":null,"atum_controlled":true,"out_stock_date":null,"out_stock_threshold":null,"inheritable":false,"inbound_stock":null,"stock_on_hold":0,"sold_today":0,"sales_last_days":1,"reserved_stock":null,"customer_returns":null,"warehouse_damage":null,"lost_in_post":null,"other_logs":null,"out_stock_days":0,"lost_sales":0,"has_location":null,"update_date":"2024-11-12T16:22:53","atum_locations":[],"atum_stock_status":"instock","restock_status":false,"low_stock_amount":"","sales_update_date":"2024-07-31T14:00:56","calc_backorders":null,"jetpack_sharing_enabled":true,"_links":{"self":[{"href":"https:\/\/www.go4dogs.de\/index.php?rest_route=\/wp\/v2\/product\/15116","targetHints":{"allow":["GET"]}}],"collection":[{"href":"https:\/\/www.go4dogs.de\/index.php?rest_route=\/wp\/v2\/product"}],"about":[{"href":"https:\/\/www.go4dogs.de\/index.php?rest_route=\/wp\/v2\/types\/product"}],"replies":[{"embeddable":true,"href":"https:\/\/www.go4dogs.de\/index.php?rest_route=%2Fwp%2Fv2%2Fcomments&post=15116"}],"wp:featuredmedia":[{"embeddable":true,"href":"https:\/\/www.go4dogs.de\/index.php?rest_route=\/wp\/v2\/media\/15095"}],"wp:attachment":[{"href":"https:\/\/www.go4dogs.de\/index.php?rest_route=%2Fwp%2Fv2%2Fmedia&parent=15116"}],"wp:term":[{"taxonomy":"product_brand","embeddable":true,"href":"https:\/\/www.go4dogs.de\/index.php?rest_route=%2Fwp%2Fv2%2Fproduct_brand&post=15116"},{"taxonomy":"product_cat","embeddable":true,"href":"https:\/\/www.go4dogs.de\/index.php?rest_route=%2Fwp%2Fv2%2Fproduct_cat&post=15116"},{"taxonomy":"product_tag","embeddable":true,"href":"https:\/\/www.go4dogs.de\/index.php?rest_route=%2Fwp%2Fv2%2Fproduct_tag&post=15116"}],"curies":[{"name":"wp","href":"https:\/\/api.w.org\/{rel}","templated":true}]}}