{"id":14891,"date":"2020-02-23T18:16:48","date_gmt":"2020-02-23T16:16:48","guid":{"rendered":"https:\/\/www.go4dogs.de\/?post_type=product&#038;p=14891"},"modified":"2024-11-12T09:54:45","modified_gmt":"2024-11-12T07:54:45","slug":"hunter-guerteltasche-hilo-basic-orange","status":"publish","type":"product","link":"https:\/\/www.go4dogs.de\/?product=hunter-guerteltasche-hilo-basic-orange","title":{"rendered":"Hunter G\u00fcrteltasche Hilo Basic orange"},"content":{"rendered":"<div class=\"content--full-box\">\n<p>Beim Belohnen Ihres Hundes ist das perfekte Timing von gr\u00f6\u00dfter Bedeutung. Um ein erw\u00fcnschtes Verhalten des Vierbeiners zu verst\u00e4rken hat man zwischen einer und drei Sekunden, damit der Hund sein Tun und die Futterbelohnung auch noch miteinander verkn\u00fcpft. Umso wichtiger ist es daher, die G\u00fcrteltasche mit den hei\u00dfbegehrten H\u00e4ppchen immer zuverl\u00e4ssig am K\u00f6rper zu tragen und mit einem lockeren Handgriff ausgiebig belohnen zu k\u00f6nnen. Dank stabilem Kunststoff-Clip kann die besonders leichte HILO BASIC-Tasche aus zukunftsweisendem 3D-Mesh-Material idealerweise an den G\u00fcrtel oder Hosenbund geklemmt und nach der Bef\u00fcllung mit ausreichend Snacks sicher verschlossen werden &#8211; sogar mit einer Hand, dank elastischem Kordelband. Leicht, kompakt und ein zuverl\u00e4ssiger Begleiter bei Ausbildung und Training Ihres Vierbeiners!<\/p>\n<\/div>\n<div class=\"content--divider\"><\/div>\n<div class=\"content--half-box\">\n<ul>\n<li>3D-Mesh-Material \/ Polyester<\/li>\n<li>besonders leicht und kompakt<\/li>\n<li>mit stabilem Kunststoff-Clip zur Befestigung am G\u00fcrtel oder Hosenbund<\/li>\n<li>mit Hilfe einer Kordel verschlie\u00dfbar<\/li>\n<li>Ma\u00dfe 14 x 10 x 8 cm<span style=\"display: inline !important; float: none; background-color: #ffffff; color: #383e42; font-family: 'AGaramondPro-Regular','Times New Roman',Times,serif; font-size: 20px; font-style: normal; font-variant: normal; font-weight: normal; letter-spacing: normal; orphans: 2; text-align: left; text-decoration: none; text-indent: 0px; text-transform: none; -webkit-text-stroke-width: 0px; white-space: normal; word-spacing: 0px;\">\u00a0<\/span><\/li>\n<\/ul>\n<\/div>\n","protected":false},"excerpt":{"rendered":"<p>Beim Belohnen Ihres Hundes ist das perfekte Timing von gr\u00f6\u00dfter Bedeutung. Um ein erw\u00fcnschtes Verhalten des Vierbeiners zu verst\u00e4rken hat man zwischen einer und drei Sekunden, damit der Hund sein Tun und die Futterbelohnung auch noch miteinander verkn\u00fcpft. Umso wichtiger ist es daher, die G\u00fcrteltasche mit den hei\u00dfbegehrten H\u00e4ppchen immer zuverl\u00e4ssig am K\u00f6rper zu tragen [&hellip;]<\/p>\n","protected":false},"featured_media":14874,"comment_status":"closed","ping_status":"closed","template":"","meta":[],"product_brand":[],"product_cat":[227],"product_tag":[],"class_list":{"0":"post-14891","1":"product","2":"type-product","3":"status-publish","4":"has-post-thumbnail","6":"product_cat-leckerliebeutel","7":"tm-no-options","9":"first","10":"instock","11":"taxable","12":"shipping-taxable","13":"product-type-simple"},"supplier_id":null,"supplier_sku":"","barcode":null,"atum_controlled":true,"out_stock_date":null,"out_stock_threshold":null,"inheritable":false,"inbound_stock":0,"stock_on_hold":0,"sold_today":0,"sales_last_days":0,"reserved_stock":0,"customer_returns":0,"warehouse_damage":0,"lost_in_post":0,"other_logs":0,"out_stock_days":0,"lost_sales":0,"has_location":false,"update_date":"2024-11-12T07:54:49","atum_locations":[],"atum_stock_status":"instock","restock_status":false,"low_stock_amount":"","sales_update_date":"2022-12-07T13:16:42","calc_backorders":null,"jetpack_sharing_enabled":true,"_links":{"self":[{"href":"https:\/\/www.go4dogs.de\/index.php?rest_route=\/wp\/v2\/product\/14891","targetHints":{"allow":["GET"]}}],"collection":[{"href":"https:\/\/www.go4dogs.de\/index.php?rest_route=\/wp\/v2\/product"}],"about":[{"href":"https:\/\/www.go4dogs.de\/index.php?rest_route=\/wp\/v2\/types\/product"}],"replies":[{"embeddable":true,"href":"https:\/\/www.go4dogs.de\/index.php?rest_route=%2Fwp%2Fv2%2Fcomments&post=14891"}],"wp:featuredmedia":[{"embeddable":true,"href":"https:\/\/www.go4dogs.de\/index.php?rest_route=\/wp\/v2\/media\/14874"}],"wp:attachment":[{"href":"https:\/\/www.go4dogs.de\/index.php?rest_route=%2Fwp%2Fv2%2Fmedia&parent=14891"}],"wp:term":[{"taxonomy":"product_brand","embeddable":true,"href":"https:\/\/www.go4dogs.de\/index.php?rest_route=%2Fwp%2Fv2%2Fproduct_brand&post=14891"},{"taxonomy":"product_cat","embeddable":true,"href":"https:\/\/www.go4dogs.de\/index.php?rest_route=%2Fwp%2Fv2%2Fproduct_cat&post=14891"},{"taxonomy":"product_tag","embeddable":true,"href":"https:\/\/www.go4dogs.de\/index.php?rest_route=%2Fwp%2Fv2%2Fproduct_tag&post=14891"}],"curies":[{"name":"wp","href":"https:\/\/api.w.org\/{rel}","templated":true}]}}