{"id":11488,"date":"2019-09-05T17:32:00","date_gmt":"2019-09-05T15:32:00","guid":{"rendered":"https:\/\/www.go4dogs.de\/?post_type=product&#038;p=11488"},"modified":"2025-01-19T13:56:04","modified_gmt":"2025-01-19T11:56:04","slug":"dr-clauders-country-line-ente","status":"publish","type":"product","link":"https:\/\/www.go4dogs.de\/?product=dr-clauders-country-line-ente","title":{"rendered":"Dr.Clauder\u00b4s Country Line Ente"},"content":{"rendered":"<p><span style=\"font-family: Georgia,Palatino; font-size: 12pt;\">Verw\u00f6hnen Sie Ihre Hunde mit Dr.Clauder&#8217;s Country Snack Ente \u2013 ein k\u00f6stlicher und gesunder Leckerbissen aus 95% hochwertigem Entenfleisch. Durch die schonende Dampftrocknung bleibt das einzigartige Aroma des Fleisches erhalten. Mit Inulin (FOS) und wertvollen Mineralstoffen angereichert, f\u00f6rdern diese Snacks die Verdauung und das allgemeine Wohlbefinden Ihrer Vierbeiner.<\/span><\/p>\n<p><span style=\"font-family: Georgia,Palatino; font-size: 12pt;\"><br \/>\n<strong id=\"usage_instructions_title\">Anwendungshinweise:<\/strong>\u00a0<span id=\"usage_instructions_text\">: Stets frisches Wasser bereit stellen! Vor Feuchtigkeit sch\u00fctzen! K\u00fchl und trocken aufbewahren! Achtung: der in der Verpackung enthaltene Sauerstoffabsorber-Beutel ist nicht f\u00fcr den Verzehr geeignet<\/span>.<\/span><\/p>\n<p><span style=\"font-family: Georgia,Palatino; font-size: 12pt;\"><strong>Erg\u00e4nzungsfuttermittel f\u00fcr Hunde.<\/strong><\/span><\/p>\n<p><span style=\"font-family: Georgia,Palatino; font-size: 12pt;\"><strong>Zusammensetzung<\/strong>: Ente 95%, pflanzliche Nebenerzeugnisse, Inulin (FOS) 0,5%, Mineralstoffe.<\/span><\/p>\n<p><span style=\"font-family: Georgia,Palatino; font-size: 12pt;\"><br \/>\n<strong>Analytische Bestandteile<\/strong>: Rohprotein 38%, Rohfett 8,7%, Rohfaser 0,5%, Rohasche 9,5%, Feuchtigkeit 23%.<\/span><\/p>\n<p><span style=\"font-family: Georgia,Palatino; font-size: 12pt;\"><strong>F\u00fctterungshinweise<\/strong>: T\u00e4glich einige St\u00fccke zur Belohnung geben. <\/span><\/p>\n<p><span style=\"font-family: Georgia,Palatino; font-size: 12pt;\"><strong>Anwendungshinweise<\/strong>: Stets frisches Wasser bereitstellen!<\/span><\/p>\n<p><span style=\"font-family: Georgia,Palatino; font-size: 12pt;\"><strong>Verpackung<\/strong>: 170g Beutel<\/span><\/p>\n<p>&nbsp;<\/p>\n","protected":false},"excerpt":{"rendered":"<p>Verw\u00f6hnen Sie Ihre Hunde mit Dr.Clauder&#8217;s Country Snack Ente \u2013 ein k\u00f6stlicher und gesunder Leckerbissen aus 95% hochwertigem Entenfleisch. Durch die schonende Dampftrocknung bleibt das einzigartige Aroma des Fleisches erhalten. Mit Inulin (FOS) und wertvollen Mineralstoffen angereichert, f\u00f6rdern diese Snacks die Verdauung und das allgemeine Wohlbefinden Ihrer Vierbeiner. Anwendungshinweise:\u00a0: Stets frisches Wasser bereit stellen! Vor [&hellip;]<\/p>\n","protected":false},"featured_media":23169,"comment_status":"closed","ping_status":"closed","template":"","meta":[],"product_brand":[],"product_cat":[203,216],"product_tag":[],"class_list":{"0":"post-11488","1":"product","2":"type-product","3":"status-publish","4":"has-post-thumbnail","6":"product_cat-leckerlies","7":"product_cat-leckerlies-von-dr-clauders","8":"tm-no-options","10":"first","11":"instock","12":"taxable","13":"shipping-taxable","14":"product-type-simple"},"supplier_id":null,"supplier_sku":"","barcode":null,"atum_controlled":true,"out_stock_date":null,"out_stock_threshold":null,"inheritable":false,"inbound_stock":0,"stock_on_hold":0,"sold_today":0,"sales_last_days":1,"reserved_stock":0,"customer_returns":0,"warehouse_damage":0,"lost_in_post":0,"other_logs":0,"out_stock_days":0,"lost_sales":0,"has_location":false,"update_date":"2025-01-19T11:56:06","atum_locations":[],"atum_stock_status":"instock","restock_status":false,"low_stock_amount":"","sales_update_date":"2024-03-06T08:29:16","calc_backorders":null,"jetpack_sharing_enabled":true,"_links":{"self":[{"href":"https:\/\/www.go4dogs.de\/index.php?rest_route=\/wp\/v2\/product\/11488","targetHints":{"allow":["GET"]}}],"collection":[{"href":"https:\/\/www.go4dogs.de\/index.php?rest_route=\/wp\/v2\/product"}],"about":[{"href":"https:\/\/www.go4dogs.de\/index.php?rest_route=\/wp\/v2\/types\/product"}],"replies":[{"embeddable":true,"href":"https:\/\/www.go4dogs.de\/index.php?rest_route=%2Fwp%2Fv2%2Fcomments&post=11488"}],"wp:featuredmedia":[{"embeddable":true,"href":"https:\/\/www.go4dogs.de\/index.php?rest_route=\/wp\/v2\/media\/23169"}],"wp:attachment":[{"href":"https:\/\/www.go4dogs.de\/index.php?rest_route=%2Fwp%2Fv2%2Fmedia&parent=11488"}],"wp:term":[{"taxonomy":"product_brand","embeddable":true,"href":"https:\/\/www.go4dogs.de\/index.php?rest_route=%2Fwp%2Fv2%2Fproduct_brand&post=11488"},{"taxonomy":"product_cat","embeddable":true,"href":"https:\/\/www.go4dogs.de\/index.php?rest_route=%2Fwp%2Fv2%2Fproduct_cat&post=11488"},{"taxonomy":"product_tag","embeddable":true,"href":"https:\/\/www.go4dogs.de\/index.php?rest_route=%2Fwp%2Fv2%2Fproduct_tag&post=11488"}],"curies":[{"name":"wp","href":"https:\/\/api.w.org\/{rel}","templated":true}]}}