{"id":11414,"date":"2019-09-05T11:19:24","date_gmt":"2019-09-05T09:19:24","guid":{"rendered":"https:\/\/www.go4dogs.de\/?post_type=product&#038;p=11414"},"modified":"2024-12-01T21:01:14","modified_gmt":"2024-12-01T19:01:14","slug":"dokas-huehnchen-mit-reis-sesam-70g","status":"publish","type":"product","link":"https:\/\/www.go4dogs.de\/?product=dokas-huehnchen-mit-reis-sesam-70g","title":{"rendered":"Dokas H\u00fchnchen mit Reis &#038; Sesam, 70g"},"content":{"rendered":"<h1 class=\"text-center\">Dokas H\u00fchnchen mit Reis &amp; Sesam, 70g<\/h1>\n<p>&nbsp;<\/p>\n<p>Rohprotein: 29,0 %<br \/>\nRohfaser: 0,5 %<br \/>\nRoh\u00f6le und Rohfette: 9,9 %<br \/>\nRohasche: 4,0 %<br \/>\nFeuchtigkeit: 22,0 %<br \/>\nEnergie: 333 kcal\/100g; 1393 kJ\/100g<\/p>\n<p>Die Berechnung der Energie erfolgte nach FEDIAF.<\/p>\n<p>Erg\u00e4nzungsfuttermittel f\u00fcr Hunde.<br \/>\nZusammensetzung: 81,7 % H\u00fchnerbrustfilet, 8,0 % Reis, 2,0 % Sesam,\u00a0 pflanzliche Nebenerzeugnisse, Mineralstoffe<\/p>\n","protected":false},"excerpt":{"rendered":"<p>Dokas H\u00fchnchen mit Reis &amp; Sesam, 70g &nbsp; Rohprotein: 29,0 % Rohfaser: 0,5 % Roh\u00f6le und Rohfette: 9,9 % Rohasche: 4,0 % Feuchtigkeit: 22,0 % Energie: 333 kcal\/100g; 1393 kJ\/100g Die Berechnung der Energie erfolgte nach FEDIAF. Erg\u00e4nzungsfuttermittel f\u00fcr Hunde. Zusammensetzung: 81,7 % H\u00fchnerbrustfilet, 8,0 % Reis, 2,0 % Sesam,\u00a0 pflanzliche Nebenerzeugnisse, Mineralstoffe<\/p>\n","protected":false},"featured_media":11415,"comment_status":"closed","ping_status":"closed","template":"","meta":[],"product_brand":[],"product_cat":[211],"product_tag":[],"class_list":{"0":"post-11414","1":"product","2":"type-product","3":"status-publish","4":"has-post-thumbnail","6":"product_cat-leckerlies-von-dokas","7":"tm-no-options","9":"first","10":"instock","11":"taxable","12":"shipping-taxable","13":"product-type-simple"},"supplier_id":null,"supplier_sku":"","barcode":null,"atum_controlled":true,"out_stock_date":null,"out_stock_threshold":null,"inheritable":false,"inbound_stock":0,"stock_on_hold":0,"sold_today":0,"sales_last_days":0,"reserved_stock":0,"customer_returns":0,"warehouse_damage":0,"lost_in_post":0,"other_logs":0,"out_stock_days":0,"lost_sales":0,"has_location":false,"update_date":"2024-12-01T19:01:16","atum_locations":[],"atum_stock_status":"instock","restock_status":false,"low_stock_amount":"","sales_update_date":"2024-08-27T13:34:36","calc_backorders":null,"jetpack_sharing_enabled":true,"_links":{"self":[{"href":"https:\/\/www.go4dogs.de\/index.php?rest_route=\/wp\/v2\/product\/11414","targetHints":{"allow":["GET"]}}],"collection":[{"href":"https:\/\/www.go4dogs.de\/index.php?rest_route=\/wp\/v2\/product"}],"about":[{"href":"https:\/\/www.go4dogs.de\/index.php?rest_route=\/wp\/v2\/types\/product"}],"replies":[{"embeddable":true,"href":"https:\/\/www.go4dogs.de\/index.php?rest_route=%2Fwp%2Fv2%2Fcomments&post=11414"}],"wp:featuredmedia":[{"embeddable":true,"href":"https:\/\/www.go4dogs.de\/index.php?rest_route=\/wp\/v2\/media\/11415"}],"wp:attachment":[{"href":"https:\/\/www.go4dogs.de\/index.php?rest_route=%2Fwp%2Fv2%2Fmedia&parent=11414"}],"wp:term":[{"taxonomy":"product_brand","embeddable":true,"href":"https:\/\/www.go4dogs.de\/index.php?rest_route=%2Fwp%2Fv2%2Fproduct_brand&post=11414"},{"taxonomy":"product_cat","embeddable":true,"href":"https:\/\/www.go4dogs.de\/index.php?rest_route=%2Fwp%2Fv2%2Fproduct_cat&post=11414"},{"taxonomy":"product_tag","embeddable":true,"href":"https:\/\/www.go4dogs.de\/index.php?rest_route=%2Fwp%2Fv2%2Fproduct_tag&post=11414"}],"curies":[{"name":"wp","href":"https:\/\/api.w.org\/{rel}","templated":true}]}}