{"id":12,"date":"2015-02-05T21:28:35","date_gmt":"2015-02-05T19:28:35","guid":{"rendered":"http:\/\/www.go4dogs.de\/?page_id=12"},"modified":"2019-06-05T16:06:13","modified_gmt":"2019-06-05T14:06:13","slug":"dogpoint","status":"publish","type":"page","link":"https:\/\/www.go4dogs.de\/","title":{"rendered":"Dogpoint"},"content":{"rendered":"<p><a href=\"https:\/\/www.go4dogs.de\/wp-content\/uploads\/2019\/06\/IMG_2991.jpg\"><img fetchpriority=\"high\" decoding=\"async\" class=\"alignnone  wp-image-9682\" src=\"https:\/\/www.go4dogs.de\/wp-content\/uploads\/2019\/06\/IMG_2991-300x225.jpg\" alt=\"\" width=\"575\" height=\"431\" srcset=\"https:\/\/www.go4dogs.de\/wp-content\/uploads\/2019\/06\/IMG_2991-300x225.jpg 300w, https:\/\/www.go4dogs.de\/wp-content\/uploads\/2019\/06\/IMG_2991-768x576.jpg 768w, https:\/\/www.go4dogs.de\/wp-content\/uploads\/2019\/06\/IMG_2991-1024x768.jpg 1024w, https:\/\/www.go4dogs.de\/wp-content\/uploads\/2019\/06\/IMG_2991-555x416.jpg 555w, https:\/\/www.go4dogs.de\/wp-content\/uploads\/2019\/06\/IMG_2991.jpg 2016w\" sizes=\"(max-width: 575px) 100vw, 575px\" \/><\/a><\/p>\n<p><span style=\"font-size: 12pt;\">Seit M\u00e4rz 2019 findest du uns in der Alzenauer Innenstadt. Ganz in der N\u00e4he der Burg kannst du nach deinem Einkauf bei uns den sch\u00f6nen Alzenauer Stadtkern mit all seinen Gesch\u00e4ften und Sehensw\u00fcrdigkeiten erkunden.<\/span><\/p>\n<p><span style=\"font-size: 12pt;\">Fast vier Jahre zuvor habe ich den dogpoint in Kahl er\u00f6ffnet.<br \/>\nZiel war es immer, qualitative und hochwertige Produkte rund um deinen Hund anbieten zu k\u00f6nnen. Gleichzeitig sollst du bei mir auch alles finden, was du f\u00fcr ein sch\u00f6nes Hundeleben ben\u00f6tigst. Von hochwertigem Futter \u00fcber Knabbereien, zum Spielen oder einfach nur Sch\u00f6nes oder Praktisches f\u00fcr Herrchen und Frauchen\u00a0 &#8211; alles wirst du hier finden. <\/span><\/p>\n<p><span style=\"font-size: 12pt;\">Schau dir gerne im Onlineshop einen Teil unserer Produkte an. <\/span><\/p>\n","protected":false},"excerpt":{"rendered":"<p>Seit M\u00e4rz 2019 findest du uns in der Alzenauer Innenstadt. Ganz in der N\u00e4he der Burg kannst du nach deinem Einkauf bei uns den sch\u00f6nen Alzenauer Stadtkern mit all seinen Gesch\u00e4ften und Sehensw\u00fcrdigkeiten erkunden. Fast vier Jahre zuvor habe ich den dogpoint in Kahl er\u00f6ffnet. Ziel war es immer, qualitative und hochwertige Produkte rund um [&hellip;]<\/p>\n","protected":false},"author":1,"featured_media":0,"parent":0,"menu_order":1,"comment_status":"closed","ping_status":"closed","template":"","meta":{"footnotes":""},"class_list":["post-12","page","type-page","status-publish","hentry"],"jetpack_sharing_enabled":true,"_links":{"self":[{"href":"https:\/\/www.go4dogs.de\/index.php?rest_route=\/wp\/v2\/pages\/12","targetHints":{"allow":["GET"]}}],"collection":[{"href":"https:\/\/www.go4dogs.de\/index.php?rest_route=\/wp\/v2\/pages"}],"about":[{"href":"https:\/\/www.go4dogs.de\/index.php?rest_route=\/wp\/v2\/types\/page"}],"author":[{"embeddable":true,"href":"https:\/\/www.go4dogs.de\/index.php?rest_route=\/wp\/v2\/users\/1"}],"replies":[{"embeddable":true,"href":"https:\/\/www.go4dogs.de\/index.php?rest_route=%2Fwp%2Fv2%2Fcomments&post=12"}],"version-history":[{"count":16,"href":"https:\/\/www.go4dogs.de\/index.php?rest_route=\/wp\/v2\/pages\/12\/revisions"}],"predecessor-version":[{"id":9683,"href":"https:\/\/www.go4dogs.de\/index.php?rest_route=\/wp\/v2\/pages\/12\/revisions\/9683"}],"wp:attachment":[{"href":"https:\/\/www.go4dogs.de\/index.php?rest_route=%2Fwp%2Fv2%2Fmedia&parent=12"}],"curies":[{"name":"wp","href":"https:\/\/api.w.org\/{rel}","templated":true}]}}